{"id":161,"date":"2011-03-08T01:13:33","date_gmt":"2011-03-07T23:13:33","guid":{"rendered":"http:\/\/www.formazioneintermediari.com\/?page_id=161"},"modified":"2025-03-28T12:48:36","modified_gmt":"2025-03-28T10:48:36","slug":"piattaforma","status":"publish","type":"page","link":"https:\/\/www.rb-academy.it\/?page_id=161","title":{"rendered":"Piattaforma"},"content":{"rendered":"<h4><strong>Piattaforma<\/strong><\/h4>\n<p>I corsi di RB Academy sono implementati su una piattaforma software proprietaria, basata sul sistema LMS (learning management system) e sviluppata secondo le tecniche didattiche interattive offerte dalla tecnologia, che consentano il rispetto delle normative in tema di interattivit\u00e0 ed equipollenza all\u2019aula.<\/p>\n<p>L\u2019accesso alla piattaforma e-learning, fruibile da PC, Mac, tablet o cellulare, \u00e8 garantito da user e password, e si pu\u00f2 accedere anche da pi\u00f9 dispositivi diversi senza necessit\u00e0 di scaricare software particolari<\/p>\n<hr style=\"border-top: 1px solid #000 !important;\" \/>\n<h4><strong>Modalit\u00e0 e-learning<\/strong><\/h4>\n<p>I corsi effettuati con modalit\u00e0 di e-learning si avvalgono di piattaforme caratterizzate dai seguenti elementi essenziali:<\/p>\n<ul style=\"list-style-type: disc;\">\n<li>tracciabilit\u00e0 dei tempi di erogazione e di fruizione della formazione secondo lo standard SCORM ovvero attraverso standard con le medesime caratteristiche;<\/li>\n<li>fruizione dei materiali didattici attraverso il web e sviluppo di attivit\u00e0 formative basate su tecnologia LMS (Learning Management System) e in associazione a moduli LCMS (Learning Content Management System);<\/li>\n<li>monitoraggio continuo del livello di apprendimento, sia attraverso il tracciamento del percorso formativo, sia attraverso momenti di valutazione e autovalutazione;<\/li>\n<li>multimedialit\u00e0, intesa come effettiva integrazione tra diversi media per favorire una migliore comprensione dei contenuti;<\/li>\n<li>interazione con docenti\/tutor e con gli altri discenti al fine di favorire, tramite le nuove tecnologie, la creazione di contesti collettivi di apprendimento;<\/li>\n<li>introduzione di misure atte ad impedire collegamenti simultanei dello stesso utente da postazioni diverse (o dalla medesima postazione).<\/li>\n<\/ul>\n<hr style=\"border-top: 1px solid #000 !important;\" \/>\n<h4><strong>Funzionalit\u00e0 della piattaforma di e-learning<\/strong><\/h4>\n<p>Le funzionalit\u00e0 della piattaforma di e-learning prevedono:<\/p>\n<ul>\n<li>l\u2019inserimento di credenziali di accesso per ciascun utente;<\/li>\n<li>un adeguato tempo minimo necessario per la fruizione del corso, in relazione alle caratteristiche ed ai contenuti dello stesso, l\u2019inibizione dell\u2019accelerazione della fruizione del corso;<\/li>\n<li>la possibilit\u00e0 da parte dell\u2019utente di sospendere la fruizione del corso e poter riprendere successivamente dal punto in cui si era interrotto;<\/li>\n<li>la previsione di verifiche random per testare la fruizione e l\u2019apprendimento del discente. Tali verifiche saranno determinanti per la prosecuzione del modulo formativo;<\/li>\n<li>la possibilit\u00e0 di chiedere e ricevere approfondimenti dal docente mediante tecniche a distanza (forum, chat telematiche, instant messaging, e-mail, telefono, etc.);<\/li>\n<li>la somministrazione di test interattivi di apprendimento per ogni modulo formativo, dal cui esito dipende l\u2019accesso al modulo formativo successivo.<\/li>\n<\/ul>\n","protected":false},"excerpt":{"rendered":"<p>Piattaforma I corsi di RB Academy sono implementati su una piattaforma software proprietaria, basata sul sistema LMS (learning management system) e sviluppata secondo le tecniche didattiche interattive offerte dalla tecnologia, che consentano il rispetto delle normative in tema di interattivit\u00e0 ed equipollenza all\u2019aula. L\u2019accesso alla piattaforma e-learning, fruibile da PC, Mac, tablet o cellulare, \u00e8 [&hellip;]<\/p>\n","protected":false},"author":1,"featured_media":0,"parent":0,"menu_order":0,"comment_status":"closed","ping_status":"closed","template":"","meta":{"footnotes":""},"class_list":["post-161","page","type-page","status-publish","hentry"],"_links":{"self":[{"href":"https:\/\/www.rb-academy.it\/index.php?rest_route=\/wp\/v2\/pages\/161","targetHints":{"allow":["GET"]}}],"collection":[{"href":"https:\/\/www.rb-academy.it\/index.php?rest_route=\/wp\/v2\/pages"}],"about":[{"href":"https:\/\/www.rb-academy.it\/index.php?rest_route=\/wp\/v2\/types\/page"}],"author":[{"embeddable":true,"href":"https:\/\/www.rb-academy.it\/index.php?rest_route=\/wp\/v2\/users\/1"}],"replies":[{"embeddable":true,"href":"https:\/\/www.rb-academy.it\/index.php?rest_route=%2Fwp%2Fv2%2Fcomments&post=161"}],"version-history":[{"count":0,"href":"https:\/\/www.rb-academy.it\/index.php?rest_route=\/wp\/v2\/pages\/161\/revisions"}],"wp:attachment":[{"href":"https:\/\/www.rb-academy.it\/index.php?rest_route=%2Fwp%2Fv2%2Fmedia&parent=161"}],"curies":[{"name":"wp","href":"https:\/\/api.w.org\/{rel}","templated":true}]}}