{"id":201242,"date":"2022-02-28T16:07:54","date_gmt":"2022-02-28T14:07:54","guid":{"rendered":"https:\/\/www.rb-academy.it\/corsi\/senza-categoria\/corso-base-di-lingua-cinese\/"},"modified":"2025-03-27T13:38:05","modified_gmt":"2025-03-27T11:38:05","slug":"corso-base-di-lingua-cinese","status":"publish","type":"product","link":"https:\/\/www.rb-academy.it\/?product=corso-base-di-lingua-cinese","title":{"rendered":"Corso base di Lingua Cinese"},"content":{"rendered":"<p>La Cina, nazione dalla ricca tradizione e magnate dell&#8217;economia, \u00e8 lo scrigno di una delle lingue pi\u00f9 affascinanti e forti del mondo. \u00c8 la lingua degli affari, della cultura, dell&#8217;educazione, della politica, dell&#8217;insegnamento, della letteratura e della filosofia.<\/p>\n<p><\/p>\n<p>Grazie al Corso base di Lingua Cinese imparerete il cinese da zero, seguendo il naturale processo di apprendimento di una lingua, proprio come noi abbiamo imparato la nostra lingua madre.<br \/>Il corso sar\u00e0 ricco di esempi, frasi contestualizzate e esercizi che vi permetteranno di essere fluenti sia nello scritto che nel parlato e a fine corso sarete in grado di sostenere semplici conversazioni relative alla propria persona e all&#8217;ambiente circostante, riuscendo anche a tradurre semplici testi di uso comune.<\/p>\n<p><\/p>\n<p>Durata totale: 20 ore<\/p>\n","protected":false},"excerpt":{"rendered":"<p>La Cina, nazione dalla ricca tradizione e magnate dell&#8217;economia, \u00e8 lo scrigno di una delle lingue pi\u00f9 affascinanti e forti del mondo. \u00c8 la lingua degli affari, della cultura, dell&#8217;educazione, della politica, dell&#8217;insegnamento, della letteratura e della filosofia. Grazie al Corso base di Lingua Cinese imparerete il cinese da zero, seguendo il naturale processo di [&hellip;]<\/p>\n","protected":false},"featured_media":201241,"template":"","meta":[],"product_cat":[1124],"product_tag":[],"class_list":{"0":"post-201242","1":"product","2":"type-product","3":"status-publish","4":"has-post-thumbnail","6":"product_cat-cinese-2","8":"first","9":"instock","10":"taxable","11":"shipping-taxable","12":"purchasable","13":"product-type-simple"},"_links":{"self":[{"href":"https:\/\/www.rb-academy.it\/index.php?rest_route=\/wp\/v2\/product\/201242","targetHints":{"allow":["GET"]}}],"collection":[{"href":"https:\/\/www.rb-academy.it\/index.php?rest_route=\/wp\/v2\/product"}],"about":[{"href":"https:\/\/www.rb-academy.it\/index.php?rest_route=\/wp\/v2\/types\/product"}],"wp:featuredmedia":[{"embeddable":true,"href":"https:\/\/www.rb-academy.it\/index.php?rest_route=\/wp\/v2\/media\/201241"}],"wp:attachment":[{"href":"https:\/\/www.rb-academy.it\/index.php?rest_route=%2Fwp%2Fv2%2Fmedia&parent=201242"}],"wp:term":[{"taxonomy":"product_cat","embeddable":true,"href":"https:\/\/www.rb-academy.it\/index.php?rest_route=%2Fwp%2Fv2%2Fproduct_cat&post=201242"},{"taxonomy":"product_tag","embeddable":true,"href":"https:\/\/www.rb-academy.it\/index.php?rest_route=%2Fwp%2Fv2%2Fproduct_tag&post=201242"}],"curies":[{"name":"wp","href":"https:\/\/api.w.org\/{rel}","templated":true}]}}