{"id":201260,"date":"2022-02-28T16:07:58","date_gmt":"2022-02-28T14:07:58","guid":{"rendered":"https:\/\/www.rb-academy.it\/corsi\/senza-categoria\/microsoft-excel-corso-completo-da-zero-a-master\/"},"modified":"2025-03-27T13:38:07","modified_gmt":"2025-03-27T11:38:07","slug":"microsoft-excel-corso-completo-da-zero-a-master","status":"publish","type":"product","link":"https:\/\/www.rb-academy.it\/?product=microsoft-excel-corso-completo-da-zero-a-master","title":{"rendered":"Microsoft Excel: corso completo da Zero a Master"},"content":{"rendered":"<p>Resta Concentrato. Impara Davvero!<\/p>\n<p><\/p>\n<p>Microsoft Excel: il corso completo da Zero a Master con Interfaccia italiana \u00e8 composto da lezioni della durata massima di 15 minuti ciascuna.<\/p>\n<p><\/p>\n<p>Corso completo in lingua italiana, registrato con Excel in versione italiana.<\/p>\n<p><\/p>\n<p>Corso sempre in aggiornamento, suddiviso in 5 parti (livelli) che ti renderanno un eroe di Excel: Zero, Base, Intermedio, Avanzato e Master.<\/p>\n<p><\/p>\n<p>Il percorso prevede un progetto con il quale sarai in grado di creare e gestire in totale autonomia un&#8217;ipotetica impresa, sia in relazione alla parte commerciale che amministrativa e burocratica, oltre ad un progetto VBA con il quale potrai creare un sistema di data entry all&#8217;interno di un file excel.<\/p>\n<p><\/p>\n<p>Il corso \u00e8 adatto a qualsiasi tipo di persona e non richiede alcun tipo di conoscenza informatica, baster\u00e0 avere un pc per iniziare il viaggio in questo fantastico applicativo.<\/p>\n<p><\/p>\n<p>Ogni video girato \u00e8 stato inserito in una sezione specifica, in grado di semplificare l&#8217;apprendimento, per darti la possibilit\u00e0 di seguirlo agevolmente secondo il tempo che hai deciso di dedicargli, distribuendo la durata di ogni step nel modo migliore possibile.<\/p>\n<p><\/p>\n<p>Troverai pi\u00f9 di 10 esercizi che ti aiuteranno a testare quanto appreso nelle varie fasi del corso. La struttura di ogni gruppo di lezione \u00e8 studiata per simulare l&#8217;esperienza in aula, con la differenza che potrai scegliere tu quando fermarti, riuscendo a capire facilmente se ogni punto seguito \u00e8 stato appreso pienamente.<\/p>\n<p><\/p>\n<p>Gli argomenti delle lezioni sono quelli essenziali per fondere la migliore conoscenza del programma con una perfetta esperienza didattica, al fine di permetterti di lavorare con Excel sfruttandone a pieno le potenzialit\u00e0 ad ogni livello.<\/p>\n<p><\/p>\n<p>Ogni aggiornamento pubblicato verr\u00e0 contrassegnato in modo evidente: ti dar\u00f2 la possibilit\u00e0 di scegliere gli argomenti da approfondire.<\/p>\n<p><\/p>\n<p>Consulta l&#8217;elenco delle sezioni per avere un&#8217;idea dell&#8217;accuratezza di questo corso, nulla \u00e8 lasciato al caso! Tutto viene proposto nel modo pi\u00f9 semplice e comprensibile.<\/p>\n<p><\/p>\n<p>Se hai qualche domanda, puoi consultare l&#8217;elenco fornito in questo corso per verificare che non sia gi\u00e0 stata posta, utilizzare il forum o semplicemente chiedere, ogni dubbio dovr\u00e0 essere dissipato per consentirti di imparare tutto senza alcuna difficolt\u00e0.<\/p>\n<p><\/p>\n<p>Durata totale: 25 ore<\/p>\n","protected":false},"excerpt":{"rendered":"<p>Resta Concentrato. Impara Davvero! Microsoft Excel: il corso completo da Zero a Master con Interfaccia italiana \u00e8 composto da lezioni della durata massima di 15 minuti ciascuna. Corso completo in lingua italiana, registrato con Excel in versione italiana. Corso sempre in aggiornamento, suddiviso in 5 parti (livelli) che ti renderanno un eroe di Excel: Zero, [&hellip;]<\/p>\n","protected":false},"featured_media":201259,"template":"","meta":[],"product_cat":[1016],"product_tag":[],"class_list":{"0":"post-201260","1":"product","2":"type-product","3":"status-publish","4":"has-post-thumbnail","6":"product_cat-microsoft-2","8":"first","9":"instock","10":"taxable","11":"shipping-taxable","12":"purchasable","13":"product-type-simple"},"_links":{"self":[{"href":"https:\/\/www.rb-academy.it\/index.php?rest_route=\/wp\/v2\/product\/201260","targetHints":{"allow":["GET"]}}],"collection":[{"href":"https:\/\/www.rb-academy.it\/index.php?rest_route=\/wp\/v2\/product"}],"about":[{"href":"https:\/\/www.rb-academy.it\/index.php?rest_route=\/wp\/v2\/types\/product"}],"wp:featuredmedia":[{"embeddable":true,"href":"https:\/\/www.rb-academy.it\/index.php?rest_route=\/wp\/v2\/media\/201259"}],"wp:attachment":[{"href":"https:\/\/www.rb-academy.it\/index.php?rest_route=%2Fwp%2Fv2%2Fmedia&parent=201260"}],"wp:term":[{"taxonomy":"product_cat","embeddable":true,"href":"https:\/\/www.rb-academy.it\/index.php?rest_route=%2Fwp%2Fv2%2Fproduct_cat&post=201260"},{"taxonomy":"product_tag","embeddable":true,"href":"https:\/\/www.rb-academy.it\/index.php?rest_route=%2Fwp%2Fv2%2Fproduct_tag&post=201260"}],"curies":[{"name":"wp","href":"https:\/\/api.w.org\/{rel}","templated":true}]}}