{"id":201289,"date":"2022-02-28T16:08:11","date_gmt":"2022-02-28T14:08:11","guid":{"rendered":"https:\/\/www.rb-academy.it\/corsi\/senza-categoria\/corso-avanzato-di-spagnolo-per-lavoro-e-imprese\/"},"modified":"2025-03-27T13:38:11","modified_gmt":"2025-03-27T11:38:11","slug":"corso-avanzato-di-spagnolo-per-lavoro-e-imprese","status":"publish","type":"product","link":"https:\/\/www.rb-academy.it\/?product=corso-avanzato-di-spagnolo-per-lavoro-e-imprese","title":{"rendered":"Corso avanzato di Spagnolo per lavoro e imprese"},"content":{"rendered":"<p>\u00c8 utile saper parlare lo spagnolo?<\/p>\n<p><\/p>\n<p>La risposta \u00e8 s\u00ec! Perch\u00e9 lo spagnolo rappresenter\u00e0 un enorme plus sul tuo curriculum, ti aiuter\u00e0 a viaggiare e lavorare facilmente in tutto il mondo, \u00e8 la lingua ufficiale di 21 paesi ed \u00e8 l\u2019unica lingua in grado di competere con l\u2019inglese.<\/p>\n<p><\/p>\n<p>Sempre pi\u00f9 aziende valutano, fra le competenze linguistiche dei candidati, la buona conoscenza dello spagnolo. Inoltre, conoscere lo spagnolo sar\u00e0 utile per migliorare il tuo potenziale occupazionale in diversi campi di carriera, senza contare che i dipendenti bilingue, normalmente, ricevono un salario pi\u00f9 alto rispetto a quelli che parlano una sola lingua.<\/p>\n<p><\/p>\n<p>I paesi dell\u2019America Latina hanno registrato per anni una buona crescita economica. Per questo motivo, imparare lo spagnolo \u00e8 di estrema importanza se sei interessato ad accedere al mercato del lavoro in un paese di lingua spagnola.<\/p>\n<p><\/p>\n<p>Dopo aver capito le esigenze del mercato del lavoro, abbiamo creato un corso orientato agli studenti e alle persone d\u2019affari che vogliono migliorare il loro spagnolo e approfondire un particolare argomento legato alla Spagna o l\u2019America Latina.<\/p>\n<p><\/p>\n<p>Durata totale: 30 ore<\/p>\n","protected":false},"excerpt":{"rendered":"<p>\u00c8 utile saper parlare lo spagnolo? La risposta \u00e8 s\u00ec! Perch\u00e9 lo spagnolo rappresenter\u00e0 un enorme plus sul tuo curriculum, ti aiuter\u00e0 a viaggiare e lavorare facilmente in tutto il mondo, \u00e8 la lingua ufficiale di 21 paesi ed \u00e8 l\u2019unica lingua in grado di competere con l\u2019inglese. Sempre pi\u00f9 aziende valutano, fra le competenze [&hellip;]<\/p>\n","protected":false},"featured_media":201183,"template":"","meta":[],"product_cat":[1038],"product_tag":[],"class_list":{"0":"post-201289","1":"product","2":"type-product","3":"status-publish","4":"has-post-thumbnail","6":"product_cat-spagnolo-2","8":"first","9":"instock","10":"taxable","11":"shipping-taxable","12":"purchasable","13":"product-type-simple"},"_links":{"self":[{"href":"https:\/\/www.rb-academy.it\/index.php?rest_route=\/wp\/v2\/product\/201289","targetHints":{"allow":["GET"]}}],"collection":[{"href":"https:\/\/www.rb-academy.it\/index.php?rest_route=\/wp\/v2\/product"}],"about":[{"href":"https:\/\/www.rb-academy.it\/index.php?rest_route=\/wp\/v2\/types\/product"}],"wp:featuredmedia":[{"embeddable":true,"href":"https:\/\/www.rb-academy.it\/index.php?rest_route=\/wp\/v2\/media\/201183"}],"wp:attachment":[{"href":"https:\/\/www.rb-academy.it\/index.php?rest_route=%2Fwp%2Fv2%2Fmedia&parent=201289"}],"wp:term":[{"taxonomy":"product_cat","embeddable":true,"href":"https:\/\/www.rb-academy.it\/index.php?rest_route=%2Fwp%2Fv2%2Fproduct_cat&post=201289"},{"taxonomy":"product_tag","embeddable":true,"href":"https:\/\/www.rb-academy.it\/index.php?rest_route=%2Fwp%2Fv2%2Fproduct_tag&post=201289"}],"curies":[{"name":"wp","href":"https:\/\/api.w.org\/{rel}","templated":true}]}}