{"id":201295,"date":"2022-02-28T16:08:12","date_gmt":"2022-02-28T14:08:12","guid":{"rendered":"https:\/\/www.rb-academy.it\/corsi\/senza-categoria\/corso-di-spagnolo-per-viaggiare\/"},"modified":"2025-03-27T13:38:12","modified_gmt":"2025-03-27T11:38:12","slug":"corso-di-spagnolo-per-viaggiare","status":"publish","type":"product","link":"https:\/\/www.rb-academy.it\/?product=corso-di-spagnolo-per-viaggiare","title":{"rendered":"Corso di Spagnolo per Viaggiare"},"content":{"rendered":"<p>Viaggiare in un paese in cui la lingua ufficiale \u00e8 lo spagnolo risulta sempre affascinante. Le persone sono sempre molto amichevoli e cordiali, la cultura \u00e8 piena di peculiarit\u00e0 e scoprirla \u00e8 pi\u00f9 interessante quando conosciamo la lingua e possiamo esprimerci. Il corso di spagnolo per viaggiare \u00e8 per tutte le persone che amano viaggiare e hanno bisogno di uno spagnolo di base durante i loro viaggi.<\/p>\n<p><\/p>\n<p>Il corso contiene 24 video lezioni con dialoghi, lessico, schede grammaticali ed esercizi con i quali puoi imparare e approfondire le tue conoscenze. Ogni lezione contiene una sezione del vocabolario con le parole e le espressioni essenziali per comunicare in modo chiaro e naturale durante i tuoi viaggi.<\/p>\n<p><\/p>\n<p>Durata totale: 5 ore<\/p>\n","protected":false},"excerpt":{"rendered":"<p>Viaggiare in un paese in cui la lingua ufficiale \u00e8 lo spagnolo risulta sempre affascinante. Le persone sono sempre molto amichevoli e cordiali, la cultura \u00e8 piena di peculiarit\u00e0 e scoprirla \u00e8 pi\u00f9 interessante quando conosciamo la lingua e possiamo esprimerci. Il corso di spagnolo per viaggiare \u00e8 per tutte le persone che amano viaggiare [&hellip;]<\/p>\n","protected":false},"featured_media":201185,"template":"","meta":[],"product_cat":[1038],"product_tag":[],"class_list":{"0":"post-201295","1":"product","2":"type-product","3":"status-publish","4":"has-post-thumbnail","6":"product_cat-spagnolo-2","8":"first","9":"instock","10":"taxable","11":"shipping-taxable","12":"purchasable","13":"product-type-simple"},"_links":{"self":[{"href":"https:\/\/www.rb-academy.it\/index.php?rest_route=\/wp\/v2\/product\/201295","targetHints":{"allow":["GET"]}}],"collection":[{"href":"https:\/\/www.rb-academy.it\/index.php?rest_route=\/wp\/v2\/product"}],"about":[{"href":"https:\/\/www.rb-academy.it\/index.php?rest_route=\/wp\/v2\/types\/product"}],"wp:featuredmedia":[{"embeddable":true,"href":"https:\/\/www.rb-academy.it\/index.php?rest_route=\/wp\/v2\/media\/201185"}],"wp:attachment":[{"href":"https:\/\/www.rb-academy.it\/index.php?rest_route=%2Fwp%2Fv2%2Fmedia&parent=201295"}],"wp:term":[{"taxonomy":"product_cat","embeddable":true,"href":"https:\/\/www.rb-academy.it\/index.php?rest_route=%2Fwp%2Fv2%2Fproduct_cat&post=201295"},{"taxonomy":"product_tag","embeddable":true,"href":"https:\/\/www.rb-academy.it\/index.php?rest_route=%2Fwp%2Fv2%2Fproduct_tag&post=201295"}],"curies":[{"name":"wp","href":"https:\/\/api.w.org\/{rel}","templated":true}]}}