{"id":201394,"date":"2022-02-28T16:08:51","date_gmt":"2022-02-28T14:08:51","guid":{"rendered":"https:\/\/www.rb-academy.it\/corsi\/senza-categoria\/la-busta-paga-malattia-maternit-e-infortunio\/"},"modified":"2025-03-28T13:10:19","modified_gmt":"2025-03-28T11:10:19","slug":"la-busta-paga-malattia-maternit-e-infortunio","status":"publish","type":"product","link":"https:\/\/www.rb-academy.it\/?product=la-busta-paga-malattia-maternit-e-infortunio","title":{"rendered":"La Busta paga: malattia, maternit\u00e0 e infortunio"},"content":{"rendered":"<p>La Busta paga: malattia e maternit\u00e0<\/p>\n<p><\/p>\n<p>In questo corso verranno approfonditi due aspetti particolari della busta paga: la maternit\u00e0 e la malattia.<br \/>Cosa si intende per maternit\u00e0 anticipata, obbligatoria e facoltativa? Quanto dura il congedo di maternit\u00e0? Chi ne ha diritto? Quali sono i permessi connessi alla maternit\u00e0?<br \/>Cosa si intende per malattia e cosa per infortunio sul lavoro.<\/p>\n<p><\/p>\n<p>Verr\u00e0 fatto un focus sui certificati medici da presentare al datore di lavoro, sugli obblighi del lavoratore e del datore di lavoro e sulla retribuzione in caso di assenza dal lavoro per malattia o infortunio.<\/p>\n<p><\/p>\n<p>Durata totale: 4 ore<\/p>\n","protected":false},"excerpt":{"rendered":"<p>La Busta paga: malattia e maternit\u00e0 In questo corso verranno approfonditi due aspetti particolari della busta paga: la maternit\u00e0 e la malattia. Cosa si intende per maternit\u00e0 anticipata, obbligatoria e facoltativa? Quanto dura il congedo di maternit\u00e0? Chi ne ha diritto? Quali sono i permessi connessi alla maternit\u00e0? Cosa si intende per malattia e cosa [&hellip;]<\/p>\n","protected":false},"featured_media":203093,"template":"","meta":[],"product_cat":[985],"product_tag":[],"class_list":{"0":"post-201394","1":"product","2":"type-product","3":"status-publish","4":"has-post-thumbnail","6":"product_cat-busta-paga","8":"first","9":"instock","10":"taxable","11":"shipping-taxable","12":"purchasable","13":"product-type-simple"},"_links":{"self":[{"href":"https:\/\/www.rb-academy.it\/index.php?rest_route=\/wp\/v2\/product\/201394","targetHints":{"allow":["GET"]}}],"collection":[{"href":"https:\/\/www.rb-academy.it\/index.php?rest_route=\/wp\/v2\/product"}],"about":[{"href":"https:\/\/www.rb-academy.it\/index.php?rest_route=\/wp\/v2\/types\/product"}],"wp:featuredmedia":[{"embeddable":true,"href":"https:\/\/www.rb-academy.it\/index.php?rest_route=\/wp\/v2\/media\/203093"}],"wp:attachment":[{"href":"https:\/\/www.rb-academy.it\/index.php?rest_route=%2Fwp%2Fv2%2Fmedia&parent=201394"}],"wp:term":[{"taxonomy":"product_cat","embeddable":true,"href":"https:\/\/www.rb-academy.it\/index.php?rest_route=%2Fwp%2Fv2%2Fproduct_cat&post=201394"},{"taxonomy":"product_tag","embeddable":true,"href":"https:\/\/www.rb-academy.it\/index.php?rest_route=%2Fwp%2Fv2%2Fproduct_tag&post=201394"}],"curies":[{"name":"wp","href":"https:\/\/api.w.org\/{rel}","templated":true}]}}