{"id":201406,"date":"2022-02-28T16:08:54","date_gmt":"2022-02-28T14:08:54","guid":{"rendered":"https:\/\/www.rb-academy.it\/corsi\/senza-categoria\/corso-base-di-lingua-russa\/"},"modified":"2025-03-27T13:38:30","modified_gmt":"2025-03-27T11:38:30","slug":"corso-base-di-lingua-russa","status":"publish","type":"product","link":"https:\/\/www.rb-academy.it\/?product=corso-base-di-lingua-russa","title":{"rendered":"Corso base di lingua Russa"},"content":{"rendered":"<p>Ti piacerebbe andare in Russia o vorresti semplicemente saperne di pi\u00f9 su questo paese, sulla cultura e sulla mentalit\u00e0 russa, ma non sai da dove cominciare?<br \/>Comincia dalla lingua!<br \/>La lingua \u00e8 il primo biglietto per un nuovo Paese e lo studio di una nuova lingua \u00e8 un viaggio intellettuale molto emozionante!<\/p>\n<p><\/p>\n<p>Il corso base di lingua russa contiene tutto il materiale necessario, tutti i testi, gli esercizi, le regole e tutti gli argomenti secondo il quadro comune di riferimento europeo per le lingue relativo all&#8217;apprendimento ed insegnamento dei livelli A1 e A2.<br \/>Comprende tutte le regole che il discente deve necessariamente conoscere per mettere in pratica la teoria appresa.<br \/>Con l\u2019aiuto delle esercitazioni previste per ogni lezione gli studenti potranno imparare meglio gli argomenti trattati, allenare la memoria, aumentare l\u2019alfabetismo e la cultura del discorso orale e scritto.<\/p>\n<p><\/p>\n<p>Durata totale: 40 ore<\/p>\n","protected":false},"excerpt":{"rendered":"<p>Ti piacerebbe andare in Russia o vorresti semplicemente saperne di pi\u00f9 su questo paese, sulla cultura e sulla mentalit\u00e0 russa, ma non sai da dove cominciare? Comincia dalla lingua! La lingua \u00e8 il primo biglietto per un nuovo Paese e lo studio di una nuova lingua \u00e8 un viaggio intellettuale molto emozionante! Il corso base [&hellip;]<\/p>\n","protected":false},"featured_media":201405,"template":"","meta":[],"product_cat":[1130],"product_tag":[],"class_list":{"0":"post-201406","1":"product","2":"type-product","3":"status-publish","4":"has-post-thumbnail","6":"product_cat-russo-2","8":"first","9":"instock","10":"taxable","11":"shipping-taxable","12":"purchasable","13":"product-type-simple"},"_links":{"self":[{"href":"https:\/\/www.rb-academy.it\/index.php?rest_route=\/wp\/v2\/product\/201406","targetHints":{"allow":["GET"]}}],"collection":[{"href":"https:\/\/www.rb-academy.it\/index.php?rest_route=\/wp\/v2\/product"}],"about":[{"href":"https:\/\/www.rb-academy.it\/index.php?rest_route=\/wp\/v2\/types\/product"}],"wp:featuredmedia":[{"embeddable":true,"href":"https:\/\/www.rb-academy.it\/index.php?rest_route=\/wp\/v2\/media\/201405"}],"wp:attachment":[{"href":"https:\/\/www.rb-academy.it\/index.php?rest_route=%2Fwp%2Fv2%2Fmedia&parent=201406"}],"wp:term":[{"taxonomy":"product_cat","embeddable":true,"href":"https:\/\/www.rb-academy.it\/index.php?rest_route=%2Fwp%2Fv2%2Fproduct_cat&post=201406"},{"taxonomy":"product_tag","embeddable":true,"href":"https:\/\/www.rb-academy.it\/index.php?rest_route=%2Fwp%2Fv2%2Fproduct_tag&post=201406"}],"curies":[{"name":"wp","href":"https:\/\/api.w.org\/{rel}","templated":true}]}}