{"id":201420,"date":"2022-02-28T16:09:10","date_gmt":"2022-02-28T14:09:10","guid":{"rendered":"https:\/\/www.rb-academy.it\/corsi\/senza-categoria\/adobe-creative-cloud-il-corso-essenziale\/"},"modified":"2025-03-27T13:38:32","modified_gmt":"2025-03-27T11:38:32","slug":"adobe-creative-cloud-il-corso-essenziale","status":"publish","type":"product","link":"https:\/\/www.rb-academy.it\/?product=adobe-creative-cloud-il-corso-essenziale","title":{"rendered":"Adobe Creative Cloud: il corso essenziale"},"content":{"rendered":"<p>Adobe Creative Cloud, un servizio che mette a disposizione del creativo un arsenale formidabile di strumenti per produrre progetti di design per qualsiasi media, dalla carta al web, al video ed al mobile.<\/p>\n<p><\/p>\n<p>La grande potenza di Creative Cloud risiede non solo nelle singole applicazioni, ma soprattutto nei servizi basati sulla rete che permettono di espandere e potenziare le possibilit\u00e0 produttive e creative dell&#8217;abbonato. Questo corso si prefigge proprio di mettervi in grado di conoscere e sfruttare al meglio questi servizi, e tutti gli strumenti accessori ad essi collegati, spesso poco conosciuti ma non meno importanti degli applicativi come Photoshop che i creativi utilizzano abitualmente.<\/p>\n<p><\/p>\n<p>Al termine di questo percorso formativo, che siate un designer, un fotografo professionista, un video producer o semplicemente un appassionato di arti figurative digitali, diventerete dei \u201cPower User\u201d di Adobe Creative Cloud, e la vostra creativit\u00e0 ne trarr\u00e0 degli enormi benefici in termini di libert\u00e0 e possibilit\u00e0 espressive, oltre che a raggiungere un incremento sensibile della vostra produttivit\u00e0 nel lavoro di design di tutti i giorni.<\/p>\n<p><\/p>\n<p>Durata totale: 20 ore<\/p>\n","protected":false},"excerpt":{"rendered":"<p>Adobe Creative Cloud, un servizio che mette a disposizione del creativo un arsenale formidabile di strumenti per produrre progetti di design per qualsiasi media, dalla carta al web, al video ed al mobile. La grande potenza di Creative Cloud risiede non solo nelle singole applicazioni, ma soprattutto nei servizi basati sulla rete che permettono di [&hellip;]<\/p>\n","protected":false},"featured_media":203098,"template":"","meta":[],"product_cat":[1017],"product_tag":[],"class_list":{"0":"post-201420","1":"product","2":"type-product","3":"status-publish","4":"has-post-thumbnail","6":"product_cat-graphic-design-2","8":"first","9":"instock","10":"taxable","11":"shipping-taxable","12":"purchasable","13":"product-type-simple"},"_links":{"self":[{"href":"https:\/\/www.rb-academy.it\/index.php?rest_route=\/wp\/v2\/product\/201420","targetHints":{"allow":["GET"]}}],"collection":[{"href":"https:\/\/www.rb-academy.it\/index.php?rest_route=\/wp\/v2\/product"}],"about":[{"href":"https:\/\/www.rb-academy.it\/index.php?rest_route=\/wp\/v2\/types\/product"}],"wp:featuredmedia":[{"embeddable":true,"href":"https:\/\/www.rb-academy.it\/index.php?rest_route=\/wp\/v2\/media\/203098"}],"wp:attachment":[{"href":"https:\/\/www.rb-academy.it\/index.php?rest_route=%2Fwp%2Fv2%2Fmedia&parent=201420"}],"wp:term":[{"taxonomy":"product_cat","embeddable":true,"href":"https:\/\/www.rb-academy.it\/index.php?rest_route=%2Fwp%2Fv2%2Fproduct_cat&post=201420"},{"taxonomy":"product_tag","embeddable":true,"href":"https:\/\/www.rb-academy.it\/index.php?rest_route=%2Fwp%2Fv2%2Fproduct_tag&post=201420"}],"curies":[{"name":"wp","href":"https:\/\/api.w.org\/{rel}","templated":true}]}}