{"id":201441,"date":"2022-02-28T16:09:13","date_gmt":"2022-02-28T14:09:13","guid":{"rendered":"https:\/\/www.rb-academy.it\/corsi\/senza-categoria\/antologia-di-bruce-lipton\/"},"modified":"2025-03-27T13:38:34","modified_gmt":"2025-03-27T11:38:34","slug":"antologia-di-bruce-lipton","status":"publish","type":"product","link":"https:\/\/www.rb-academy.it\/?product=antologia-di-bruce-lipton","title":{"rendered":"Antologia di Bruce Lipton"},"content":{"rendered":"<p>Le Basi della Biologia delle Credenze<\/p>\n<p><\/p>\n<p>&#8220;Siamo sulla soglia della pi\u00f9 grande avventura della storia umana: l&#8217;evoluzione cosciente! \u00c8 giunto il momento di abbandonare le vecchie credenze che la comunit\u00e0 scientifica accademica e i mass media ci hanno inculcato, per partecipare a pieno titolo come co-creatori del mondo a venire&#8221;.<\/p>\n<p><\/p>\n<p>Per la prima volta, verr\u00e0 esposta la genesi del pensiero del famoso autore BRUCE LIPTON e che stanno alla base del bestseller internazionale La Biologia delle Credenze.<\/p>\n<p><\/p>\n<p>Durata totale: 28 ore<\/p>\n","protected":false},"excerpt":{"rendered":"<p>Le Basi della Biologia delle Credenze &#8220;Siamo sulla soglia della pi\u00f9 grande avventura della storia umana: l&#8217;evoluzione cosciente! \u00c8 giunto il momento di abbandonare le vecchie credenze che la comunit\u00e0 scientifica accademica e i mass media ci hanno inculcato, per partecipare a pieno titolo come co-creatori del mondo a venire&#8220;. Per la prima volta, verr\u00e0 [&hellip;]<\/p>\n","protected":false},"featured_media":201440,"template":"","meta":[],"product_cat":[1059],"product_tag":[],"class_list":{"0":"post-201441","1":"product","2":"type-product","3":"status-publish","4":"has-post-thumbnail","6":"product_cat-trasformazione-personale","8":"first","9":"instock","10":"taxable","11":"shipping-taxable","12":"purchasable","13":"product-type-simple"},"_links":{"self":[{"href":"https:\/\/www.rb-academy.it\/index.php?rest_route=\/wp\/v2\/product\/201441","targetHints":{"allow":["GET"]}}],"collection":[{"href":"https:\/\/www.rb-academy.it\/index.php?rest_route=\/wp\/v2\/product"}],"about":[{"href":"https:\/\/www.rb-academy.it\/index.php?rest_route=\/wp\/v2\/types\/product"}],"wp:featuredmedia":[{"embeddable":true,"href":"https:\/\/www.rb-academy.it\/index.php?rest_route=\/wp\/v2\/media\/201440"}],"wp:attachment":[{"href":"https:\/\/www.rb-academy.it\/index.php?rest_route=%2Fwp%2Fv2%2Fmedia&parent=201441"}],"wp:term":[{"taxonomy":"product_cat","embeddable":true,"href":"https:\/\/www.rb-academy.it\/index.php?rest_route=%2Fwp%2Fv2%2Fproduct_cat&post=201441"},{"taxonomy":"product_tag","embeddable":true,"href":"https:\/\/www.rb-academy.it\/index.php?rest_route=%2Fwp%2Fv2%2Fproduct_tag&post=201441"}],"curies":[{"name":"wp","href":"https:\/\/api.w.org\/{rel}","templated":true}]}}