{"id":201462,"date":"2022-02-28T16:09:35","date_gmt":"2022-02-28T14:09:35","guid":{"rendered":"https:\/\/www.rb-academy.it\/corsi\/senza-categoria\/corso-di-diritto-dellimmigrazione\/"},"modified":"2025-03-27T13:38:36","modified_gmt":"2025-03-27T11:38:36","slug":"corso-di-diritto-dellimmigrazione","status":"publish","type":"product","link":"https:\/\/www.rb-academy.it\/?product=corso-di-diritto-dellimmigrazione","title":{"rendered":"Corso di diritto dell&#8217;immigrazione"},"content":{"rendered":"<p>Vuoi imparare o approfondire le tue conoscenze sul diritto dell\u2019immigrazione? Questo corso ti fornir\u00e0 le basi per continuare la tua carriera come legale in maniera pi\u00f9 consapevole, ma aiuter\u00e0 anche gli studenti ad addentrarsi in questa materia per la tutela dello straniero in Italia.<\/p>\n<p><\/p>\n<p>Durata totale: 1.5 ore<\/p>\n","protected":false},"excerpt":{"rendered":"<p>Vuoi imparare o approfondire le tue conoscenze sul diritto dell\u2019immigrazione? Questo corso ti fornir\u00e0 le basi per continuare la tua carriera come legale in maniera pi\u00f9 consapevole, ma aiuter\u00e0 anche gli studenti ad addentrarsi in questa materia per la tutela dello straniero in Italia.<\/p>\n","protected":false},"featured_media":201461,"template":"","meta":[],"product_cat":[1054],"product_tag":[],"class_list":{"0":"post-201462","1":"product","2":"type-product","3":"status-publish","4":"has-post-thumbnail","6":"product_cat-didattica-e-discipline","8":"first","9":"instock","10":"taxable","11":"shipping-taxable","12":"purchasable","13":"product-type-simple"},"_links":{"self":[{"href":"https:\/\/www.rb-academy.it\/index.php?rest_route=\/wp\/v2\/product\/201462","targetHints":{"allow":["GET"]}}],"collection":[{"href":"https:\/\/www.rb-academy.it\/index.php?rest_route=\/wp\/v2\/product"}],"about":[{"href":"https:\/\/www.rb-academy.it\/index.php?rest_route=\/wp\/v2\/types\/product"}],"wp:featuredmedia":[{"embeddable":true,"href":"https:\/\/www.rb-academy.it\/index.php?rest_route=\/wp\/v2\/media\/201461"}],"wp:attachment":[{"href":"https:\/\/www.rb-academy.it\/index.php?rest_route=%2Fwp%2Fv2%2Fmedia&parent=201462"}],"wp:term":[{"taxonomy":"product_cat","embeddable":true,"href":"https:\/\/www.rb-academy.it\/index.php?rest_route=%2Fwp%2Fv2%2Fproduct_cat&post=201462"},{"taxonomy":"product_tag","embeddable":true,"href":"https:\/\/www.rb-academy.it\/index.php?rest_route=%2Fwp%2Fv2%2Fproduct_tag&post=201462"}],"curies":[{"name":"wp","href":"https:\/\/api.w.org\/{rel}","templated":true}]}}