{"id":201503,"date":"2022-02-28T16:09:44","date_gmt":"2022-02-28T14:09:44","guid":{"rendered":"https:\/\/www.rb-academy.it\/corsi\/senza-categoria\/insegnamento-della-musica-nelle-scuole-primarie\/"},"modified":"2025-03-27T13:38:41","modified_gmt":"2025-03-27T11:38:41","slug":"insegnamento-della-musica-nelle-scuole-primarie","status":"publish","type":"product","link":"https:\/\/www.rb-academy.it\/?product=insegnamento-della-musica-nelle-scuole-primarie","title":{"rendered":"Insegnamento della musica nelle scuole primarie"},"content":{"rendered":"<p>Questo corso rientra nel progetto didattico denominato &#8220;Il ritmo della musica&#8221; e ha l&#8217;obiettivo principale di trasferire un metodo didattico per l&#8217;insegnamento della musica all&#8217;interno della scuole primarie, considerandola come veicolo naturale per la trasmissione di emozioni e la creazione di relazioni.<\/p>\n<p><\/p>\n<p>Il presupposto fondante di tutto il progetto sta nella convinzione che un percorso didattico &#8211; musicale debba guardare ben oltre, il semplice movimento meccanico delle dita (su di un qualsiasi strumento), o porsi come obiettivo la produzione puramente per imitazione di alcune canzoncine per il saggio o la festa finale.<br \/>Capacit\u00e0 cognitive, relazionali e logico-matematiche sono alla base di qualsiasi attivit\u00e0 legata alla musica. Per questo oltre alle competenze \u00e8 necessario e fondamentale avere un METODO, (inteso come modo di procedere), in relazione alle modalit\u00e0, tempistiche e contenuti da proporre agli alunni.<br \/>Dalle esperienze personali del docente del corso, dal parere di specialisti, docenti formati oppure privi di competenze tecniche in materia, che lo hanno messo in atto, si apprende che \u201cIl ritmo della musica\u201d risulta essere di impatto motivazionale notevolmente forte e positivo sull\u2019intera classe, favorendo nuove opportunit\u00e0 di relazione su livelli diversi fra pari e con l\u2019adulto, stimolando inoltre l\u2019avvicinamento spontaneo dell\u2019alunno alla pratica musicale strumentale o canora.<\/p>\n<p><\/p>\n<p>Durata totale: 30 ore<\/p>\n","protected":false},"excerpt":{"rendered":"<p>Questo corso rientra nel progetto didattico denominato &#8220;Il ritmo della musica&#8221; e ha l&#8217;obiettivo principale di trasferire un metodo didattico per l&#8217;insegnamento della musica all&#8217;interno della scuole primarie, considerandola come veicolo naturale per la trasmissione di emozioni e la creazione di relazioni. Il presupposto fondante di tutto il progetto sta nella convinzione che un percorso [&hellip;]<\/p>\n","protected":false},"featured_media":201502,"template":"","meta":[],"product_cat":[1121],"product_tag":[],"class_list":{"0":"post-201503","1":"product","2":"type-product","3":"status-publish","4":"has-post-thumbnail","6":"product_cat-insegnamento","8":"first","9":"instock","10":"taxable","11":"shipping-taxable","12":"purchasable","13":"product-type-simple"},"_links":{"self":[{"href":"https:\/\/www.rb-academy.it\/index.php?rest_route=\/wp\/v2\/product\/201503","targetHints":{"allow":["GET"]}}],"collection":[{"href":"https:\/\/www.rb-academy.it\/index.php?rest_route=\/wp\/v2\/product"}],"about":[{"href":"https:\/\/www.rb-academy.it\/index.php?rest_route=\/wp\/v2\/types\/product"}],"wp:featuredmedia":[{"embeddable":true,"href":"https:\/\/www.rb-academy.it\/index.php?rest_route=\/wp\/v2\/media\/201502"}],"wp:attachment":[{"href":"https:\/\/www.rb-academy.it\/index.php?rest_route=%2Fwp%2Fv2%2Fmedia&parent=201503"}],"wp:term":[{"taxonomy":"product_cat","embeddable":true,"href":"https:\/\/www.rb-academy.it\/index.php?rest_route=%2Fwp%2Fv2%2Fproduct_cat&post=201503"},{"taxonomy":"product_tag","embeddable":true,"href":"https:\/\/www.rb-academy.it\/index.php?rest_route=%2Fwp%2Fv2%2Fproduct_tag&post=201503"}],"curies":[{"name":"wp","href":"https:\/\/api.w.org\/{rel}","templated":true}]}}