{"id":201508,"date":"2022-02-28T16:09:49","date_gmt":"2022-02-28T14:09:49","guid":{"rendered":"https:\/\/www.rb-academy.it\/corsi\/senza-categoria\/corso-base-di-lingua-spagnola\/"},"modified":"2025-03-27T13:38:41","modified_gmt":"2025-03-27T11:38:41","slug":"corso-base-di-lingua-spagnola","status":"publish","type":"product","link":"https:\/\/www.rb-academy.it\/?product=corso-base-di-lingua-spagnola","title":{"rendered":"Corso base di Lingua Spagnola"},"content":{"rendered":"<p>Lo spagnolo \u00e8 la seconda lingua pi\u00f9 conosciuta e parlata al mondo, \u00e8 la lingua ufficiale in 21 paesi, inclusi la Spagna e la gran parte dell&#8217;America latina. La lingua spagnola sta diventando la lingua del futuro e dunque conoscerla potr\u00e0 aprire infinite possibilit\u00e0, sia a livello personale che professionale.<\/p>\n<p><\/p>\n<p>Gli utenti saranno in grado di comunicare con milioni di persone, viaggiare e utilizzare la lingua anche nel mondo del lavoro.<\/p>\n<p><\/p>\n<p>Durata totale: 35 ore<\/p>\n","protected":false},"excerpt":{"rendered":"<p>Lo spagnolo \u00e8 la seconda lingua pi\u00f9 conosciuta e parlata al mondo, \u00e8 la lingua ufficiale in 21 paesi, inclusi la Spagna e la gran parte dell&#8217;America latina. La lingua spagnola sta diventando la lingua del futuro e dunque conoscerla potr\u00e0 aprire infinite possibilit\u00e0, sia a livello personale che professionale. Gli utenti saranno in grado [&hellip;]<\/p>\n","protected":false},"featured_media":201507,"template":"","meta":[],"product_cat":[1038],"product_tag":[],"class_list":{"0":"post-201508","1":"product","2":"type-product","3":"status-publish","4":"has-post-thumbnail","6":"product_cat-spagnolo-2","8":"first","9":"instock","10":"taxable","11":"shipping-taxable","12":"purchasable","13":"product-type-simple"},"_links":{"self":[{"href":"https:\/\/www.rb-academy.it\/index.php?rest_route=\/wp\/v2\/product\/201508","targetHints":{"allow":["GET"]}}],"collection":[{"href":"https:\/\/www.rb-academy.it\/index.php?rest_route=\/wp\/v2\/product"}],"about":[{"href":"https:\/\/www.rb-academy.it\/index.php?rest_route=\/wp\/v2\/types\/product"}],"wp:featuredmedia":[{"embeddable":true,"href":"https:\/\/www.rb-academy.it\/index.php?rest_route=\/wp\/v2\/media\/201507"}],"wp:attachment":[{"href":"https:\/\/www.rb-academy.it\/index.php?rest_route=%2Fwp%2Fv2%2Fmedia&parent=201508"}],"wp:term":[{"taxonomy":"product_cat","embeddable":true,"href":"https:\/\/www.rb-academy.it\/index.php?rest_route=%2Fwp%2Fv2%2Fproduct_cat&post=201508"},{"taxonomy":"product_tag","embeddable":true,"href":"https:\/\/www.rb-academy.it\/index.php?rest_route=%2Fwp%2Fv2%2Fproduct_tag&post=201508"}],"curies":[{"name":"wp","href":"https:\/\/api.w.org\/{rel}","templated":true}]}}