{"id":202565,"date":"2024-02-08T15:45:59","date_gmt":"2024-02-08T13:45:59","guid":{"rendered":"https:\/\/www.rb-academy.it\/corsi\/senza-categoria\/corso-base-di-scratch-3-0\/"},"modified":"2025-03-27T13:37:49","modified_gmt":"2025-03-27T11:37:49","slug":"corso-base-di-scratch-3-0","status":"publish","type":"product","link":"https:\/\/www.rb-academy.it\/?product=corso-base-di-scratch-3-0","title":{"rendered":"Corso Base di SCRATCH 3.0"},"content":{"rendered":"<p>Entra nel divertente mondo della programmazione a blocchi con il nostro corso online base di Scratch 3.0. <\/p>\n<p><\/p>\n<p>Questo corso \u00e8 ideale per principianti di tutte le et\u00e0 che desiderano imparare le basi della programmazione e sviluppare abilit\u00e0 creative. Utilizzando Scratch 3.0, una piattaforma di programmazione visuale intuitiva, imparerai a creare animazioni, giochi e storie interattive in modo semplice e divertente. Attraverso la realizzazione di progetti pratici verrai guidato passo dopo passo nell&#8217;apprendimento dei concetti fondamentali della programmazione, come sequenze, cicli e variabili. Partendo dalle nozioni base creeremo una prima storia animata che potrai personalizzare secondo la tua creativit\u00e0 e le tue esigenze.<\/p>\n<p><\/p>\n<p>Iscriviti oggi e inizia il tuo percorso nel fantastico mondo di Scratch 3.0!<\/p>\n<p><\/p>\n<p>Durata totale: 2 ore<\/p>\n","protected":false},"excerpt":{"rendered":"<p>Entra nel divertente mondo della programmazione a blocchi con il nostro corso online base di Scratch 3.0. Questo corso \u00e8 ideale per principianti di tutte le et\u00e0 che desiderano imparare le basi della programmazione e sviluppare abilit\u00e0 creative. Utilizzando Scratch 3.0, una piattaforma di programmazione visuale intuitiva, imparerai a creare animazioni, giochi e storie interattive [&hellip;]<\/p>\n","protected":false},"featured_media":202564,"template":"","meta":[],"product_cat":[1024],"product_tag":[],"class_list":{"0":"post-202565","1":"product","2":"type-product","3":"status-publish","4":"has-post-thumbnail","6":"product_cat-programmazione-2","8":"first","9":"instock","10":"taxable","11":"shipping-taxable","12":"purchasable","13":"product-type-simple"},"_links":{"self":[{"href":"https:\/\/www.rb-academy.it\/index.php?rest_route=\/wp\/v2\/product\/202565","targetHints":{"allow":["GET"]}}],"collection":[{"href":"https:\/\/www.rb-academy.it\/index.php?rest_route=\/wp\/v2\/product"}],"about":[{"href":"https:\/\/www.rb-academy.it\/index.php?rest_route=\/wp\/v2\/types\/product"}],"wp:featuredmedia":[{"embeddable":true,"href":"https:\/\/www.rb-academy.it\/index.php?rest_route=\/wp\/v2\/media\/202564"}],"wp:attachment":[{"href":"https:\/\/www.rb-academy.it\/index.php?rest_route=%2Fwp%2Fv2%2Fmedia&parent=202565"}],"wp:term":[{"taxonomy":"product_cat","embeddable":true,"href":"https:\/\/www.rb-academy.it\/index.php?rest_route=%2Fwp%2Fv2%2Fproduct_cat&post=202565"},{"taxonomy":"product_tag","embeddable":true,"href":"https:\/\/www.rb-academy.it\/index.php?rest_route=%2Fwp%2Fv2%2Fproduct_tag&post=202565"}],"curies":[{"name":"wp","href":"https:\/\/api.w.org\/{rel}","templated":true}]}}