{"id":202667,"date":"2024-02-08T15:46:25","date_gmt":"2024-02-08T13:46:25","guid":{"rendered":"https:\/\/www.rb-academy.it\/corsi\/senza-categoria\/diy-crea-oggetti-di-design-e-opere-di-riciclo-creativo\/"},"modified":"2025-03-27T13:37:56","modified_gmt":"2025-03-27T11:37:56","slug":"diy-crea-oggetti-di-design-e-opere-di-riciclo-creativo","status":"publish","type":"product","link":"https:\/\/www.rb-academy.it\/?product=diy-crea-oggetti-di-design-e-opere-di-riciclo-creativo","title":{"rendered":"DIY &#8211; Crea oggetti di Design e opere di riciclo creativo"},"content":{"rendered":"<p>Dare una seconda vita a vecchi oggetti oppure crearne di nuovi con materiali semplici da reperire e divertenti da decorare: Mariella Cesaroni, creatrice del progetto YouTube Canale Creativo-DIY, Industrial Designer e co-fondatrice dell\u2019Agenzia Pubblicitaria di Content Creations marvalstudios.com, ti propone diversi progetti creativi a partire da zero.<\/p>\n<p><\/p>\n<p>Crea composizioni uniche nel loro genere, utili per decorare o arredare uno spazio, oppure, per sorprendere amici e parenti con regali personalizzati.<\/p>\n<p><\/p>\n<p>Nella presentazione conoscerai la docente, la Designer Mariella Cesaroni, che ti racconter\u00e0 delle sue attivit\u00e0 e ti mostrer\u00e0 il suo laboratorio creativo. La Designer ti parler\u00e0 del suo progetto personale e delle fonti di ispirazione che l&#8217;hanno portata a dedicarsi al mondo del DIY.<\/p>\n<p><\/p>\n<p>Scoprirai i materiali necessari per mettere in pratica i progetti proposti e potrai sviluppare, con le tue idee, delle alternative sul tema. Dai tipi di carta e colori fino agli elementi aggiuntivi, potrai creare ogni oggetto in maniera dettagliata e precisa. Otterrai composizioni uniche nel loro genere, cariche di significato, storia e piene di magia.<\/p>\n<p><\/p>\n<p>Ogni creazione verr\u00e0 inserita in un contesto reale; grazie ai consigli che la Designer Mariella Cesaroni ti dar\u00e0, potrai ottenere idee uniche per arredare uno spazio oppure stupire amici e parenti con un regalo fatto a mano.<\/p>\n<p><\/p>\n<p>Durata totale: 10 ore<\/p>\n","protected":false},"excerpt":{"rendered":"<p>Dare una seconda vita a vecchi oggetti oppure crearne di nuovi con materiali semplici da reperire e divertenti da decorare: Mariella Cesaroni, creatrice del progetto YouTube Canale Creativo-DIY, Industrial Designer e co-fondatrice dell\u2019Agenzia Pubblicitaria di Content Creations marvalstudios.com, ti propone diversi progetti creativi a partire da zero. Crea composizioni uniche nel loro genere, utili per [&hellip;]<\/p>\n","protected":false},"featured_media":202666,"template":"","meta":[],"product_cat":[1066],"product_tag":[],"class_list":{"0":"post-202667","1":"product","2":"type-product","3":"status-publish","4":"has-post-thumbnail","6":"product_cat-lavori-manuali-creativi","8":"first","9":"instock","10":"taxable","11":"shipping-taxable","12":"purchasable","13":"product-type-simple"},"_links":{"self":[{"href":"https:\/\/www.rb-academy.it\/index.php?rest_route=\/wp\/v2\/product\/202667","targetHints":{"allow":["GET"]}}],"collection":[{"href":"https:\/\/www.rb-academy.it\/index.php?rest_route=\/wp\/v2\/product"}],"about":[{"href":"https:\/\/www.rb-academy.it\/index.php?rest_route=\/wp\/v2\/types\/product"}],"wp:featuredmedia":[{"embeddable":true,"href":"https:\/\/www.rb-academy.it\/index.php?rest_route=\/wp\/v2\/media\/202666"}],"wp:attachment":[{"href":"https:\/\/www.rb-academy.it\/index.php?rest_route=%2Fwp%2Fv2%2Fmedia&parent=202667"}],"wp:term":[{"taxonomy":"product_cat","embeddable":true,"href":"https:\/\/www.rb-academy.it\/index.php?rest_route=%2Fwp%2Fv2%2Fproduct_cat&post=202667"},{"taxonomy":"product_tag","embeddable":true,"href":"https:\/\/www.rb-academy.it\/index.php?rest_route=%2Fwp%2Fv2%2Fproduct_tag&post=202667"}],"curies":[{"name":"wp","href":"https:\/\/api.w.org\/{rel}","templated":true}]}}