{"id":202741,"date":"2024-02-08T15:46:38","date_gmt":"2024-02-08T13:46:38","guid":{"rendered":"https:\/\/www.rb-academy.it\/corsi\/senza-categoria\/corso-di-bodypainting\/"},"modified":"2025-03-27T13:38:37","modified_gmt":"2025-03-27T11:38:37","slug":"corso-di-bodypainting","status":"publish","type":"product","link":"https:\/\/www.rb-academy.it\/?product=corso-di-bodypainting","title":{"rendered":"Corso di Body Painting"},"content":{"rendered":"<p>Corso di Bodypainting: dalla progettazione su carta alla realizzazione su corpo.<\/p>\n<p><\/p>\n<p>Attraverso queste lezioni, si potr\u00e0 capire e imparare come si crea e sviluppa un progetto di body painting. Partendo da un tema base, si effettuer\u00e0 lo studio su carta (bozzetto) con particolare attenzione allo studio del corpo (nel nostro caso femminile, in quanto lavoreremo con una modella) e alla composizione del lavoro pittorico da svolgere.<br \/>Una volta elaborato il disegno, si andr\u00e0 ad affrontare lo studio cromatico, quindi la scelta dei colori idonei per valorizzare il progetto; si penser\u00e0 ad un make up appropriato ed un eventuale accessorio per completare il lavoro.<br \/>Il corso \u00e8 tenuto dal bodypainter Nicola Loda, campione italiano di Bodypainting nel 2017. Durante la realizzazione Nicola dar\u00e0 tanti consigli utili sia per chi si approccia per la prima volta a questo mondo sia per chi ha gi\u00e0 esperienza e vuole migliorare la propria tecnica.<\/p>\n<p><\/p>\n<p>Durata totale: 20 ore<\/p>\n","protected":false},"excerpt":{"rendered":"<p>Corso di Bodypainting: dalla progettazione su carta alla realizzazione su corpo. Attraverso queste lezioni, si potr\u00e0 capire e imparare come si crea e sviluppa un progetto di body painting. Partendo da un tema base, si effettuer\u00e0 lo studio su carta (bozzetto) con particolare attenzione allo studio del corpo (nel nostro caso femminile, in quanto lavoreremo [&hellip;]<\/p>\n","protected":false},"featured_media":202740,"template":"","meta":[],"product_cat":[1062],"product_tag":[],"class_list":{"0":"post-202741","1":"product","2":"type-product","3":"status-publish","4":"has-post-thumbnail","6":"product_cat-pittura","8":"first","9":"instock","10":"taxable","11":"shipping-taxable","12":"purchasable","13":"product-type-simple"},"_links":{"self":[{"href":"https:\/\/www.rb-academy.it\/index.php?rest_route=\/wp\/v2\/product\/202741","targetHints":{"allow":["GET"]}}],"collection":[{"href":"https:\/\/www.rb-academy.it\/index.php?rest_route=\/wp\/v2\/product"}],"about":[{"href":"https:\/\/www.rb-academy.it\/index.php?rest_route=\/wp\/v2\/types\/product"}],"wp:featuredmedia":[{"embeddable":true,"href":"https:\/\/www.rb-academy.it\/index.php?rest_route=\/wp\/v2\/media\/202740"}],"wp:attachment":[{"href":"https:\/\/www.rb-academy.it\/index.php?rest_route=%2Fwp%2Fv2%2Fmedia&parent=202741"}],"wp:term":[{"taxonomy":"product_cat","embeddable":true,"href":"https:\/\/www.rb-academy.it\/index.php?rest_route=%2Fwp%2Fv2%2Fproduct_cat&post=202741"},{"taxonomy":"product_tag","embeddable":true,"href":"https:\/\/www.rb-academy.it\/index.php?rest_route=%2Fwp%2Fv2%2Fproduct_tag&post=202741"}],"curies":[{"name":"wp","href":"https:\/\/api.w.org\/{rel}","templated":true}]}}