{"id":203134,"date":"2025-03-27T13:40:47","date_gmt":"2025-03-27T11:40:47","guid":{"rendered":"https:\/\/staging.rb-academy.it\/corsi\/senza-categoria\/gestione-della-fatica-mentale-e-decisionale\/"},"modified":"2025-03-27T13:40:48","modified_gmt":"2025-03-27T11:40:48","slug":"gestione-della-fatica-mentale-e-decisionale","status":"publish","type":"product","link":"https:\/\/www.rb-academy.it\/?product=gestione-della-fatica-mentale-e-decisionale","title":{"rendered":"Gestione della fatica mentale e decisionale"},"content":{"rendered":"<p>Il corso \u201cGestione della Fatica Mentale e Decisionale\u201d ti offre strumenti pratici per affrontare lo stress mentale e migliorare la qualit\u00e0 delle tue decisioni. <\/p>\n<p><\/p>\n<p>Imparerai a riconoscere i segnali di sovraccarico mentale e a prevenirli adottando tecniche semplici e concrete. Scoprirai come organizzare meglio il tuo tempo riducendo la dispersione di energie. Verrai guidato nell&#8217;imparare a dire \u201cno\u201d con assertivit\u00e0, preservando le tue priorit\u00e0 senza sensi di colpa. <\/p>\n<p><\/p>\n<p>Attraverso una serie di esercizi pratici, capirai come distinguere tra ci\u00f2 che \u00e8 urgente e ci\u00f2 che \u00e8 importante e a trovare un equilibrio tra produttivit\u00e0 e benessere, in modo che potrai affrontare le sfide quotidiane con maggiore serenit\u00e0 ed efficacia.<\/p>\n<p><\/p>\n<p>Verr\u00e0 fornito anche un planner scaricabile con il metodo batching (una tecnica di organizzazione del lavoro che consente di ottimizzare tempi) e una guida alla creazione di routine per ridurre lo stress.<\/p>\n<p><\/p>\n<p>Iscriviti al corso e inizia subito a imparare a gestire la tua fatica mentale e decisionale!<\/p>\n<p><\/p>\n<p>Durata totale: 3 ore<\/p>\n","protected":false},"excerpt":{"rendered":"<p>Il corso \u201cGestione della Fatica Mentale e Decisionale\u201d ti offre strumenti pratici per affrontare lo stress mentale e migliorare la qualit\u00e0 delle tue decisioni. Imparerai a riconoscere i segnali di sovraccarico mentale e a prevenirli adottando tecniche semplici e concrete. Scoprirai come organizzare meglio il tuo tempo riducendo la dispersione di energie. Verrai guidato nell&#8217;imparare [&hellip;]<\/p>\n","protected":false},"featured_media":203133,"template":"","meta":[],"product_cat":[1059],"product_tag":[],"class_list":{"0":"post-203134","1":"product","2":"type-product","3":"status-publish","4":"has-post-thumbnail","6":"product_cat-trasformazione-personale","8":"first","9":"instock","10":"taxable","11":"shipping-taxable","12":"purchasable","13":"product-type-simple"},"_links":{"self":[{"href":"https:\/\/www.rb-academy.it\/index.php?rest_route=\/wp\/v2\/product\/203134","targetHints":{"allow":["GET"]}}],"collection":[{"href":"https:\/\/www.rb-academy.it\/index.php?rest_route=\/wp\/v2\/product"}],"about":[{"href":"https:\/\/www.rb-academy.it\/index.php?rest_route=\/wp\/v2\/types\/product"}],"wp:featuredmedia":[{"embeddable":true,"href":"https:\/\/www.rb-academy.it\/index.php?rest_route=\/wp\/v2\/media\/203133"}],"wp:attachment":[{"href":"https:\/\/www.rb-academy.it\/index.php?rest_route=%2Fwp%2Fv2%2Fmedia&parent=203134"}],"wp:term":[{"taxonomy":"product_cat","embeddable":true,"href":"https:\/\/www.rb-academy.it\/index.php?rest_route=%2Fwp%2Fv2%2Fproduct_cat&post=203134"},{"taxonomy":"product_tag","embeddable":true,"href":"https:\/\/www.rb-academy.it\/index.php?rest_route=%2Fwp%2Fv2%2Fproduct_tag&post=203134"}],"curies":[{"name":"wp","href":"https:\/\/api.w.org\/{rel}","templated":true}]}}