{"id":203166,"date":"2025-03-27T13:40:53","date_gmt":"2025-03-27T11:40:53","guid":{"rendered":"https:\/\/staging.rb-academy.it\/corsi\/senza-categoria\/lintelligenza-umoristica-e-lautoironia-per-una-leadership-autorevole\/"},"modified":"2025-03-27T13:40:53","modified_gmt":"2025-03-27T11:40:53","slug":"lintelligenza-umoristica-e-lautoironia-per-una-leadership-autorevole","status":"publish","type":"product","link":"https:\/\/www.rb-academy.it\/?product=lintelligenza-umoristica-e-lautoironia-per-una-leadership-autorevole","title":{"rendered":"L\u2019intelligenza umoristica e l&#8217;autoironia per una leadership autorevole"},"content":{"rendered":"<p>Oggi a un leader vengono richieste poche e semplici cose: essere una guida, generare la motivazione, ispirare i collaboratori, trasmettere una visione chiara, portare avanti compiti individuali e comuni assieme, gestire i conflitti, le controversie, le scaramucce, gli alterchi, i bisticci ecc&#8230;<br \/>Facile no? Decisamente no. <\/p>\n<p><\/p>\n<p>Questo corso si concentra sui primi due punti che vengono ritenuti essenziali: essere una guida e generare motivazione, per mostrare come l\u2019umorismo, se diventa uno stile e quindi un modo d\u2019essere, aiuta il team leader a costruire un ambiente di gruppo che rende possibile, proprio grazie alla qualit\u00e0 della relazione che si viene ad instaurare fra i suoi membri, affrontare tutte le sfide che la leadership pone a chi la esercita.<\/p>\n<p><\/p>\n<p>Sei un team leader e ti senti spesso oberato dal lavoro e messo in difficolt\u00e0 dalla complessit\u00e0 delle relazioni all\u2019interno del tuo gruppo? <br \/>Probabilmente vorresti prenderti qualche giorno delle numerose ferie arretrate per staccare un attimo e pensarci su. <br \/>Tuttavia, ti fanno chiaramente intendere che senza di te l\u2019azienda croller\u00e0 e i tuoi riporti useranno l\u2019ufficio per giocare a padel anzich\u00e9 lavorare. <br \/>Che fare dunque? Un suggerimento \u00e8 quello di seguire il corso in oggetto, per scoprire come l\u2019umorismo potr\u00e0 aiutarti ad alleggerire il carico di responsabilit\u00e0 che ti \u00e8 richiesto portare e a trovare il giusto equilibrio di autorevolezza che permette di mantenere una posizione salda e affidabile senza (s)cadere nel controllo autoritario.<\/p>\n<p><\/p>\n<p>Iscriviti al corso e inizia subito a imparare a conoscere e applicare l&#8217;intelligenza umoristica!<\/p>\n<p><\/p>\n<p>Durata totale: 3 ore<\/p>\n","protected":false},"excerpt":{"rendered":"<p>Oggi a un leader vengono richieste poche e semplici cose: essere una guida, generare la motivazione, ispirare i collaboratori, trasmettere una visione chiara, portare avanti compiti individuali e comuni assieme, gestire i conflitti, le controversie, le scaramucce, gli alterchi, i bisticci ecc&#8230; Facile no? Decisamente no. Questo corso si concentra sui primi due punti che [&hellip;]<\/p>\n","protected":false},"featured_media":203165,"template":"","meta":[],"product_cat":[1026],"product_tag":[],"class_list":{"0":"post-203166","1":"product","2":"type-product","3":"status-publish","4":"has-post-thumbnail","6":"product_cat-management-2","8":"first","9":"instock","10":"taxable","11":"shipping-taxable","12":"purchasable","13":"product-type-simple"},"_links":{"self":[{"href":"https:\/\/www.rb-academy.it\/index.php?rest_route=\/wp\/v2\/product\/203166","targetHints":{"allow":["GET"]}}],"collection":[{"href":"https:\/\/www.rb-academy.it\/index.php?rest_route=\/wp\/v2\/product"}],"about":[{"href":"https:\/\/www.rb-academy.it\/index.php?rest_route=\/wp\/v2\/types\/product"}],"wp:featuredmedia":[{"embeddable":true,"href":"https:\/\/www.rb-academy.it\/index.php?rest_route=\/wp\/v2\/media\/203165"}],"wp:attachment":[{"href":"https:\/\/www.rb-academy.it\/index.php?rest_route=%2Fwp%2Fv2%2Fmedia&parent=203166"}],"wp:term":[{"taxonomy":"product_cat","embeddable":true,"href":"https:\/\/www.rb-academy.it\/index.php?rest_route=%2Fwp%2Fv2%2Fproduct_cat&post=203166"},{"taxonomy":"product_tag","embeddable":true,"href":"https:\/\/www.rb-academy.it\/index.php?rest_route=%2Fwp%2Fv2%2Fproduct_tag&post=203166"}],"curies":[{"name":"wp","href":"https:\/\/api.w.org\/{rel}","templated":true}]}}