{"id":203194,"date":"2025-03-27T13:41:05","date_gmt":"2025-03-27T11:41:05","guid":{"rendered":"https:\/\/staging.rb-academy.it\/corsi\/senza-categoria\/impara-a-comunicare-con-consapevolezza\/"},"modified":"2025-03-27T13:41:05","modified_gmt":"2025-03-27T11:41:05","slug":"impara-a-comunicare-con-consapevolezza","status":"publish","type":"product","link":"https:\/\/www.rb-academy.it\/?product=impara-a-comunicare-con-consapevolezza","title":{"rendered":"Impara a comunicare con Consapevolezza"},"content":{"rendered":"<p>Siamo esseri nati per comunicare&#8230; dall&#8217;alba dei tempi gli esseri umani hanno sviluppato questa capacit\u00e0 in modo cos\u00ec sensazionale da essere una delle colonne portanti della nostra evoluzione. Nonostante la comunicazione sia una nostra caratteristica specifica, non si finisce mai di imparare: possiamo aumentare i nostri strumenti comunicativi cos\u00ec da diventare sempre pi\u00f9 efficaci e precisi. <\/p>\n<p><\/p>\n<p>In questo mondo cos\u00ec frenetico, estremo, fatto di interazioni umane sempre pi\u00f9 rapide, la capacit\u00e0 di esprimere con precisone il proprio pensiero \u00e8 fondamentale. <\/p>\n<p><\/p>\n<p>Questo corso \u00e8 dedicato alla comunicazione consapevole, quali sono quelle cose che \u00e8 bene sapere ogni volta che comunichiamo? Quali sono quelle finezze, quali quelle &#8216;ricette magiche&#8217; che ci permettono di raggiungere i risultati comunicativi che vorremmo? Questo \u00e8 quello che andrai ad affrontare in questo corso, divertendoti imparerai tante cose utili per gestire al meglio la tua comunicazione in un ambito professionale e personale.<\/p>\n<p><\/p>\n<p>Iscriviti al corso e inizia subito il tuo percorso per rendere la tua comunicazione pi\u00f9 consapevole!<\/p>\n<p><\/p>\n<p>Durata totale: 3 ore<\/p>\n","protected":false},"excerpt":{"rendered":"<p>Siamo esseri nati per comunicare&#8230; dall&#8217;alba dei tempi gli esseri umani hanno sviluppato questa capacit\u00e0 in modo cos\u00ec sensazionale da essere una delle colonne portanti della nostra evoluzione. Nonostante la comunicazione sia una nostra caratteristica specifica, non si finisce mai di imparare: possiamo aumentare i nostri strumenti comunicativi cos\u00ec da diventare sempre pi\u00f9 efficaci e [&hellip;]<\/p>\n","protected":false},"featured_media":203193,"template":"","meta":[],"product_cat":[1070],"product_tag":[],"class_list":{"0":"post-203194","1":"product","2":"type-product","3":"status-publish","4":"has-post-thumbnail","6":"product_cat-linguaggio-e-comunicazione","8":"first","9":"instock","10":"taxable","11":"shipping-taxable","12":"purchasable","13":"product-type-simple"},"_links":{"self":[{"href":"https:\/\/www.rb-academy.it\/index.php?rest_route=\/wp\/v2\/product\/203194","targetHints":{"allow":["GET"]}}],"collection":[{"href":"https:\/\/www.rb-academy.it\/index.php?rest_route=\/wp\/v2\/product"}],"about":[{"href":"https:\/\/www.rb-academy.it\/index.php?rest_route=\/wp\/v2\/types\/product"}],"wp:featuredmedia":[{"embeddable":true,"href":"https:\/\/www.rb-academy.it\/index.php?rest_route=\/wp\/v2\/media\/203193"}],"wp:attachment":[{"href":"https:\/\/www.rb-academy.it\/index.php?rest_route=%2Fwp%2Fv2%2Fmedia&parent=203194"}],"wp:term":[{"taxonomy":"product_cat","embeddable":true,"href":"https:\/\/www.rb-academy.it\/index.php?rest_route=%2Fwp%2Fv2%2Fproduct_cat&post=203194"},{"taxonomy":"product_tag","embeddable":true,"href":"https:\/\/www.rb-academy.it\/index.php?rest_route=%2Fwp%2Fv2%2Fproduct_tag&post=203194"}],"curies":[{"name":"wp","href":"https:\/\/api.w.org\/{rel}","templated":true}]}}