{"id":203210,"date":"2025-03-27T13:41:09","date_gmt":"2025-03-27T11:41:09","guid":{"rendered":"https:\/\/staging.rb-academy.it\/corsi\/senza-categoria\/trasformare-i-desideri-in-uno-stile-di-vita\/"},"modified":"2025-03-27T13:41:09","modified_gmt":"2025-03-27T11:41:09","slug":"trasformare-i-desideri-in-uno-stile-di-vita","status":"publish","type":"product","link":"https:\/\/www.rb-academy.it\/?product=trasformare-i-desideri-in-uno-stile-di-vita","title":{"rendered":"Trasformare i desideri in uno stile di vita"},"content":{"rendered":"<p>Vivere la vita che desidero, com&#8217;\u00e8 possibile? Come ci si riesce? <\/p>\n<p><\/p>\n<p>\u00c8 questione di stile di vita, al mattino ci svegliamo e la sera andiamo a dormire, tutto quello che succede in mezzo condiziona la nostra esistenza, capire come andare a modificare quelle ore in cui il nostro cervello \u00e8 attivo, i nostri occhi sono aperti e la nostra parte cognitiva guida la nostra esistenza, ci permette di raggiungere molti pi\u00f9 obiettivi e ci permette di realizzare i nostri desideri.<\/p>\n<p><\/p>\n<p>Qual \u00e8 il mondo che desideri per te stesso? Qual \u00e8 la vita che hai sempre sognato? \u00c8 il momento di scoprire come farla diventare realt\u00e0 e costruire lo stile di vita che realizza i tuoi desideri.<\/p>\n<p><\/p>\n<p>Iscriviti al corso e inizia subito a capire come agire sulla nostra parte cognitiva per trasformare i tuoi desideri nel tuo stile di vita!<\/p>\n<p><\/p>\n<p>Durata totale: 2,5 ore<\/p>\n","protected":false},"excerpt":{"rendered":"<p>Vivere la vita che desidero, com&#8217;\u00e8 possibile? Come ci si riesce? \u00c8 questione di stile di vita, al mattino ci svegliamo e la sera andiamo a dormire, tutto quello che succede in mezzo condiziona la nostra esistenza, capire come andare a modificare quelle ore in cui il nostro cervello \u00e8 attivo, i nostri occhi sono [&hellip;]<\/p>\n","protected":false},"featured_media":203209,"template":"","meta":[],"product_cat":[1059],"product_tag":[],"class_list":{"0":"post-203210","1":"product","2":"type-product","3":"status-publish","4":"has-post-thumbnail","6":"product_cat-trasformazione-personale","8":"first","9":"instock","10":"taxable","11":"shipping-taxable","12":"purchasable","13":"product-type-simple"},"_links":{"self":[{"href":"https:\/\/www.rb-academy.it\/index.php?rest_route=\/wp\/v2\/product\/203210","targetHints":{"allow":["GET"]}}],"collection":[{"href":"https:\/\/www.rb-academy.it\/index.php?rest_route=\/wp\/v2\/product"}],"about":[{"href":"https:\/\/www.rb-academy.it\/index.php?rest_route=\/wp\/v2\/types\/product"}],"wp:featuredmedia":[{"embeddable":true,"href":"https:\/\/www.rb-academy.it\/index.php?rest_route=\/wp\/v2\/media\/203209"}],"wp:attachment":[{"href":"https:\/\/www.rb-academy.it\/index.php?rest_route=%2Fwp%2Fv2%2Fmedia&parent=203210"}],"wp:term":[{"taxonomy":"product_cat","embeddable":true,"href":"https:\/\/www.rb-academy.it\/index.php?rest_route=%2Fwp%2Fv2%2Fproduct_cat&post=203210"},{"taxonomy":"product_tag","embeddable":true,"href":"https:\/\/www.rb-academy.it\/index.php?rest_route=%2Fwp%2Fv2%2Fproduct_tag&post=203210"}],"curies":[{"name":"wp","href":"https:\/\/api.w.org\/{rel}","templated":true}]}}