{"id":203234,"date":"2025-03-27T13:41:13","date_gmt":"2025-03-27T11:41:13","guid":{"rendered":"https:\/\/staging.rb-academy.it\/corsi\/senza-categoria\/corso-base-di-disegno-iperrealistico\/"},"modified":"2025-03-27T13:41:13","modified_gmt":"2025-03-27T11:41:13","slug":"corso-base-di-disegno-iperrealistico","status":"publish","type":"product","link":"https:\/\/www.rb-academy.it\/?product=corso-base-di-disegno-iperrealistico","title":{"rendered":"Corso base di Disegno Iperrealistico"},"content":{"rendered":"<p>Vuoi portare il tuo disegno a un livello superiore? Il termine \u201ciperrealismo\u201d ti sembra impegnativo? Niente paura! Questo corso \u00e8 progettato per chi ha gi\u00e0 solide basi di disegno e desidera perfezionare la propria tecnica, avvicinandosi al mondo dell&#8217;iperrealismo.<\/p>\n<p><\/p>\n<p>Durante il corso esploreremo l\u2019arte del dettaglio, con particolare attenzione alle sfumature bilanciate e ai contrasti netti. Impareremo a utilizzare i carboncini, combinandoli con la grafite per ottenere risultati straordinari. Dalla preparazione delle polveri di gessetti fino alla creazione di dettagli tridimensionali, ogni fase del processo sar\u00e0 spiegata in modo chiaro e pratico.<\/p>\n<p><\/p>\n<p>Sar\u00e0 un viaggio creativo che ti far\u00e0 scoprire nuove tecniche e potenzialit\u00e0 artistiche. &#8220;E fidati, ci sar\u00e0 anche da divertirsi! Parola di Statidanymo&#8221;<\/p>\n<p><\/p>\n<p>Ti consigliamo, se non lo hai gi\u00e0 fatto, di seguire prima i corsi:<br \/>base di Disegno Realistico a matita<br \/>intermedio di Disegno Realistico a matita<\/p>\n<p><\/p>\n<p>Durata totale: 2 ore<\/p>\n","protected":false},"excerpt":{"rendered":"<p>Vuoi portare il tuo disegno a un livello superiore? Il termine \u201ciperrealismo\u201d ti sembra impegnativo? Niente paura! Questo corso \u00e8 progettato per chi ha gi\u00e0 solide basi di disegno e desidera perfezionare la propria tecnica, avvicinandosi al mondo dell&#8217;iperrealismo. Durante il corso esploreremo l\u2019arte del dettaglio, con particolare attenzione alle sfumature bilanciate e ai contrasti [&hellip;]<\/p>\n","protected":false},"featured_media":203233,"template":"","meta":[],"product_cat":[1077],"product_tag":[],"class_list":{"0":"post-203234","1":"product","2":"type-product","3":"status-publish","4":"has-post-thumbnail","6":"product_cat-disegno","8":"first","9":"instock","10":"taxable","11":"shipping-taxable","12":"purchasable","13":"product-type-simple"},"_links":{"self":[{"href":"https:\/\/www.rb-academy.it\/index.php?rest_route=\/wp\/v2\/product\/203234","targetHints":{"allow":["GET"]}}],"collection":[{"href":"https:\/\/www.rb-academy.it\/index.php?rest_route=\/wp\/v2\/product"}],"about":[{"href":"https:\/\/www.rb-academy.it\/index.php?rest_route=\/wp\/v2\/types\/product"}],"wp:featuredmedia":[{"embeddable":true,"href":"https:\/\/www.rb-academy.it\/index.php?rest_route=\/wp\/v2\/media\/203233"}],"wp:attachment":[{"href":"https:\/\/www.rb-academy.it\/index.php?rest_route=%2Fwp%2Fv2%2Fmedia&parent=203234"}],"wp:term":[{"taxonomy":"product_cat","embeddable":true,"href":"https:\/\/www.rb-academy.it\/index.php?rest_route=%2Fwp%2Fv2%2Fproduct_cat&post=203234"},{"taxonomy":"product_tag","embeddable":true,"href":"https:\/\/www.rb-academy.it\/index.php?rest_route=%2Fwp%2Fv2%2Fproduct_tag&post=203234"}],"curies":[{"name":"wp","href":"https:\/\/api.w.org\/{rel}","templated":true}]}}