{"id":203450,"date":"2025-03-27T13:42:11","date_gmt":"2025-03-27T11:42:11","guid":{"rendered":"https:\/\/staging.rb-academy.it\/corsi\/senza-categoria\/event-planner-come-organizzare-una-fiera\/"},"modified":"2025-03-27T13:42:11","modified_gmt":"2025-03-27T11:42:11","slug":"event-planner-come-organizzare-una-fiera","status":"publish","type":"product","link":"https:\/\/www.rb-academy.it\/?product=event-planner-come-organizzare-una-fiera","title":{"rendered":"Event Planner: come organizzare una fiera"},"content":{"rendered":"<p>Questo corso ti fornir\u00e0 le competenze necessarie per organizzare una fiera, quindi imparerai a pianificare, coordinare ed eseguire con successo qualsiasi tipologia di evento di natura fieristica.<\/p>\n<p><\/p>\n<p>Imparerai tutti i fondamenti dell&#8217;organizzazione di una fiera: la pianificazione, la promozione, la gestione degli stand e strategie di progettazione degli spazi espositivi. Infine, si focalizzer\u00e0 l&#8217;attenzione sulle tecniche pi\u00f9 adeguate per selezionare gli espositori e le tipologie di stand pi\u00f9 adatte.<\/p>\n<p><\/p>\n<p>Acquisire conoscenze specifiche nell\u2019ambito dell\u2019organizzazione di una fiera ti potr\u00e0 essere molto utile per la tua carriera professionale.<\/p>\n<p><\/p>\n<p>Iscriviti al corso e inizia subito a pianificare con successo la tua prima fiera!<\/p>\n<p><\/p>\n<p>Durata totale: 3 ore<\/p>\n","protected":false},"excerpt":{"rendered":"<p>Questo corso ti fornir\u00e0 le competenze necessarie per organizzare una fiera, quindi imparerai a pianificare, coordinare ed eseguire con successo qualsiasi tipologia di evento di natura fieristica. Imparerai tutti i fondamenti dell&#8217;organizzazione di una fiera: la pianificazione, la promozione, la gestione degli stand e strategie di progettazione degli spazi espositivi. Infine, si focalizzer\u00e0 l&#8217;attenzione sulle [&hellip;]<\/p>\n","protected":false},"featured_media":203449,"template":"","meta":[],"product_cat":[1104],"product_tag":[],"class_list":{"0":"post-203450","1":"product","2":"type-product","3":"status-publish","4":"has-post-thumbnail","6":"product_cat-organizzazione-di-eventi","8":"first","9":"instock","10":"taxable","11":"shipping-taxable","12":"purchasable","13":"product-type-simple"},"_links":{"self":[{"href":"https:\/\/www.rb-academy.it\/index.php?rest_route=\/wp\/v2\/product\/203450","targetHints":{"allow":["GET"]}}],"collection":[{"href":"https:\/\/www.rb-academy.it\/index.php?rest_route=\/wp\/v2\/product"}],"about":[{"href":"https:\/\/www.rb-academy.it\/index.php?rest_route=\/wp\/v2\/types\/product"}],"wp:featuredmedia":[{"embeddable":true,"href":"https:\/\/www.rb-academy.it\/index.php?rest_route=\/wp\/v2\/media\/203449"}],"wp:attachment":[{"href":"https:\/\/www.rb-academy.it\/index.php?rest_route=%2Fwp%2Fv2%2Fmedia&parent=203450"}],"wp:term":[{"taxonomy":"product_cat","embeddable":true,"href":"https:\/\/www.rb-academy.it\/index.php?rest_route=%2Fwp%2Fv2%2Fproduct_cat&post=203450"},{"taxonomy":"product_tag","embeddable":true,"href":"https:\/\/www.rb-academy.it\/index.php?rest_route=%2Fwp%2Fv2%2Fproduct_tag&post=203450"}],"curies":[{"name":"wp","href":"https:\/\/api.w.org\/{rel}","templated":true}]}}