{"id":203526,"date":"2025-03-27T13:42:40","date_gmt":"2025-03-27T11:42:40","guid":{"rendered":"https:\/\/staging.rb-academy.it\/corsi\/senza-categoria\/autocoaching-analisi-del-nostro-pensiero-e-della-nostra-personalita\/"},"modified":"2025-03-27T13:42:40","modified_gmt":"2025-03-27T11:42:40","slug":"autocoaching-analisi-del-nostro-pensiero-e-della-nostra-personalita","status":"publish","type":"product","link":"https:\/\/www.rb-academy.it\/?product=autocoaching-analisi-del-nostro-pensiero-e-della-nostra-personalita","title":{"rendered":"Autocoaching: analisi del nostro pensiero e della nostra personalit\u00e0"},"content":{"rendered":"<p>Un videocorso di autocoaching per entrare nell\u2019analisi del nostro pensiero e di come si forma la nostra personalit\u00e0. Perch\u00e9 conoscere ed esprimere i propri pensieri e le proprie emozioni, analizzare le dinamiche del nostro dialogo interiore, far parlare i nostri s\u00e9 pi\u00f9 nascosti, ci rende persone pi\u00f9 consapevoli e quindi capaci di una comunicazione pi\u00f9 accogliente ed assertiva, in grado di comprendere il punto di vista dell\u2019altro e di accettarlo, abbattendo i pregiudizi.<br \/>In questo videocorso potrai ritrovare elementi di PNL, di psicologia e analisi, soprattutto sul dialogo delle voci, di mindfulness e di meditazione, oltre che proposte pratiche di drammatizzazione del nostro dialogo interiore attraverso esercizi guidati.<br \/>Tutto quello che avresti sempre voluto approfondire per vivere meglio, pi\u00f9 consapevolmente, in due ore di corso con tanti videoesercizi per aiutarti ad avvicinarti al tuo mondo interiore.<\/p>\n<p><\/p>\n<p>Durata totale: 5 ore<\/p>\n","protected":false},"excerpt":{"rendered":"<p>Un videocorso di autocoaching per entrare nell\u2019analisi del nostro pensiero e di come si forma la nostra personalit\u00e0. Perch\u00e9 conoscere ed esprimere i propri pensieri e le proprie emozioni, analizzare le dinamiche del nostro dialogo interiore, far parlare i nostri s\u00e9 pi\u00f9 nascosti, ci rende persone pi\u00f9 consapevoli e quindi capaci di una comunicazione pi\u00f9 [&hellip;]<\/p>\n","protected":false},"featured_media":202847,"template":"","meta":[],"product_cat":[1059],"product_tag":[],"class_list":{"0":"post-203526","1":"product","2":"type-product","3":"status-publish","4":"has-post-thumbnail","6":"product_cat-trasformazione-personale","8":"first","9":"instock","10":"taxable","11":"shipping-taxable","12":"purchasable","13":"product-type-simple"},"_links":{"self":[{"href":"https:\/\/www.rb-academy.it\/index.php?rest_route=\/wp\/v2\/product\/203526","targetHints":{"allow":["GET"]}}],"collection":[{"href":"https:\/\/www.rb-academy.it\/index.php?rest_route=\/wp\/v2\/product"}],"about":[{"href":"https:\/\/www.rb-academy.it\/index.php?rest_route=\/wp\/v2\/types\/product"}],"wp:featuredmedia":[{"embeddable":true,"href":"https:\/\/www.rb-academy.it\/index.php?rest_route=\/wp\/v2\/media\/202847"}],"wp:attachment":[{"href":"https:\/\/www.rb-academy.it\/index.php?rest_route=%2Fwp%2Fv2%2Fmedia&parent=203526"}],"wp:term":[{"taxonomy":"product_cat","embeddable":true,"href":"https:\/\/www.rb-academy.it\/index.php?rest_route=%2Fwp%2Fv2%2Fproduct_cat&post=203526"},{"taxonomy":"product_tag","embeddable":true,"href":"https:\/\/www.rb-academy.it\/index.php?rest_route=%2Fwp%2Fv2%2Fproduct_tag&post=203526"}],"curies":[{"name":"wp","href":"https:\/\/api.w.org\/{rel}","templated":true}]}}