{"id":203537,"date":"2025-03-27T13:42:45","date_gmt":"2025-03-27T11:42:45","guid":{"rendered":"https:\/\/staging.rb-academy.it\/corsi\/senza-categoria\/la-capacita-di-influenzare-le-basi-della-comunicazione-persuasiva\/"},"modified":"2025-03-27T13:42:45","modified_gmt":"2025-03-27T11:42:45","slug":"la-capacita-di-influenzare-le-basi-della-comunicazione-persuasiva","status":"publish","type":"product","link":"https:\/\/www.rb-academy.it\/?product=la-capacita-di-influenzare-le-basi-della-comunicazione-persuasiva","title":{"rendered":"La capacit\u00e0 di influenzare: le basi della comunicazione persuasiva"},"content":{"rendered":"<p>Pensa al tuo lavoro. Pensa alle esperienze che hai avuto nelle organizzazioni. Alla tua capacit\u00e0 di influenzare le persone, siano esse componenti del tuo team, i tuoi collaboratori, o addirittura il tuo capo. Oppure alla tua capacit\u00e0 di influenzare altre persone al di fuori e al di l\u00e0 della tua azienda e del tuo lavoro. Questo corso tratta delle capacit\u00e0, degli strumenti, delle tecniche che devi essere in grado di utilizzare per influenzare le persone. In fondo, parlare di influenzare le persone, significa parlare di leadership: l\u2019influenza \u00e8 l\u2019essenza della leadership.<\/p>\n<p><\/p>\n<p>In questo corso parleremo di comunicazione, di tecniche in alcuni casi controintuitive, di comportamenti, di azioni che puoi intraprendere da subito che ti renderanno pi\u00f9 influente, migliorando la tua capacit\u00e0 di influenzare le persone indipendentemente da dove si trovino all&#8217;interno dell&#8217;organizzazione e indipendentemente da dove ti trovi tu all\u2019interno dell\u2019organizzazione. Che tu sia in cima a quell&#8217;organizzazione o in fondo.<\/p>\n<p><\/p>\n<p>Cosa significa e come si fa a influenzare le persone? Dopo questo corso, avrai sicuramente le idee molto pi\u00f9 chiare.<\/p>\n<p><\/p>\n<p>Durata totale: 5 ore<\/p>\n","protected":false},"excerpt":{"rendered":"<p>Pensa al tuo lavoro. Pensa alle esperienze che hai avuto nelle organizzazioni. Alla tua capacit\u00e0 di influenzare le persone, siano esse componenti del tuo team, i tuoi collaboratori, o addirittura il tuo capo. Oppure alla tua capacit\u00e0 di influenzare altre persone al di fuori e al di l\u00e0 della tua azienda e del tuo lavoro. [&hellip;]<\/p>\n","protected":false},"featured_media":202869,"template":"","meta":[],"product_cat":[1059],"product_tag":[],"class_list":{"0":"post-203537","1":"product","2":"type-product","3":"status-publish","4":"has-post-thumbnail","6":"product_cat-trasformazione-personale","8":"first","9":"instock","10":"taxable","11":"shipping-taxable","12":"purchasable","13":"product-type-simple"},"_links":{"self":[{"href":"https:\/\/www.rb-academy.it\/index.php?rest_route=\/wp\/v2\/product\/203537","targetHints":{"allow":["GET"]}}],"collection":[{"href":"https:\/\/www.rb-academy.it\/index.php?rest_route=\/wp\/v2\/product"}],"about":[{"href":"https:\/\/www.rb-academy.it\/index.php?rest_route=\/wp\/v2\/types\/product"}],"wp:featuredmedia":[{"embeddable":true,"href":"https:\/\/www.rb-academy.it\/index.php?rest_route=\/wp\/v2\/media\/202869"}],"wp:attachment":[{"href":"https:\/\/www.rb-academy.it\/index.php?rest_route=%2Fwp%2Fv2%2Fmedia&parent=203537"}],"wp:term":[{"taxonomy":"product_cat","embeddable":true,"href":"https:\/\/www.rb-academy.it\/index.php?rest_route=%2Fwp%2Fv2%2Fproduct_cat&post=203537"},{"taxonomy":"product_tag","embeddable":true,"href":"https:\/\/www.rb-academy.it\/index.php?rest_route=%2Fwp%2Fv2%2Fproduct_tag&post=203537"}],"curies":[{"name":"wp","href":"https:\/\/api.w.org\/{rel}","templated":true}]}}