{"id":203553,"date":"2025-03-27T13:42:56","date_gmt":"2025-03-27T11:42:56","guid":{"rendered":"https:\/\/staging.rb-academy.it\/corsi\/senza-categoria\/marketing-e-ricerca-del-lavoro\/"},"modified":"2025-03-27T13:42:56","modified_gmt":"2025-03-27T11:42:56","slug":"marketing-e-ricerca-del-lavoro","status":"publish","type":"product","link":"https:\/\/www.rb-academy.it\/?product=marketing-e-ricerca-del-lavoro","title":{"rendered":"Marketing e ricerca del lavoro"},"content":{"rendered":"<p>Le grandi aziende hanno tutte un efficace ufficio che si occupa di marketing, perch\u00e9 un buon piano marketing mi permette di imporre il mio prodotto sul mercato. Perch\u00e9 questo non dovrebbe funzionare se il mercato di riferimento \u00e8 quello del lavoro e se il prodotto che devo piazzare sono io?<\/p>\n<p><\/p>\n<p>Con questo corso impareremo che conoscere e saper gestire le strategie di marketing \u00e8 indispensabile per poter emergere in un mondo dove la richiesta di lavoro \u00e8 alta, mentre l\u2019offerta \u00e8 bassa.<br \/>Ma la teoria spesso \u00e8 difficile da applicare, e quindi con questo corso metteremo in pratica la bizzarra idea di usare un piano marketing per trovare lavoro.<br \/>Inizieremo capendo cos&#8217;\u00e8 il marketing e come differisce dalla comunicazione, ma sempre applicando la teoria all&#8217;applicazione pratica della ricerca di lavoro.<br \/>Attraverso esempi di buone e cattive pratiche impareremo a scrivere un buon Curriculum Vitae e una efficace lettera di presentazione. Il tutto distinguendo tra un profilo junior o neo laureato fino ad arrivare a un profilo senior, perch\u00e9 a seconda del tipo di lavoro che cerco e del tipo di esperienza che ho, le cose cambiano!<br \/>Inoltre ci aiuteremo con divertenti scenette per imparare ad affrontare al meglio il colloquio di lavoro. Momento decisivo che, se affrontato nella maniera corretta pu\u00f2 aprire strade anche migliori delle aspettative iniziali.<br \/>Ma questo corso ha anche l\u2019obiettivo di essere un valido supporto a tutti coloro i quali devono affrontare il difficile momento del ricollocamento imparando a sfruttare quelle soft skills che, anche la condizione di disoccupato, ha fatto nascere in noi.<\/p>\n<p><\/p>\n<p>Durata totale: 6 ore<\/p>\n","protected":false},"excerpt":{"rendered":"<p>Le grandi aziende hanno tutte un efficace ufficio che si occupa di marketing, perch\u00e9 un buon piano marketing mi permette di imporre il mio prodotto sul mercato. Perch\u00e9 questo non dovrebbe funzionare se il mercato di riferimento \u00e8 quello del lavoro e se il prodotto che devo piazzare sono io? Con questo corso impareremo che [&hellip;]<\/p>\n","protected":false},"featured_media":202901,"template":"","meta":[],"product_cat":[1081],"product_tag":[],"class_list":{"0":"post-203553","1":"product","2":"type-product","3":"status-publish","4":"has-post-thumbnail","6":"product_cat-carriera-e-lavoro","8":"first","9":"instock","10":"taxable","11":"shipping-taxable","12":"purchasable","13":"product-type-simple"},"_links":{"self":[{"href":"https:\/\/www.rb-academy.it\/index.php?rest_route=\/wp\/v2\/product\/203553","targetHints":{"allow":["GET"]}}],"collection":[{"href":"https:\/\/www.rb-academy.it\/index.php?rest_route=\/wp\/v2\/product"}],"about":[{"href":"https:\/\/www.rb-academy.it\/index.php?rest_route=\/wp\/v2\/types\/product"}],"wp:featuredmedia":[{"embeddable":true,"href":"https:\/\/www.rb-academy.it\/index.php?rest_route=\/wp\/v2\/media\/202901"}],"wp:attachment":[{"href":"https:\/\/www.rb-academy.it\/index.php?rest_route=%2Fwp%2Fv2%2Fmedia&parent=203553"}],"wp:term":[{"taxonomy":"product_cat","embeddable":true,"href":"https:\/\/www.rb-academy.it\/index.php?rest_route=%2Fwp%2Fv2%2Fproduct_cat&post=203553"},{"taxonomy":"product_tag","embeddable":true,"href":"https:\/\/www.rb-academy.it\/index.php?rest_route=%2Fwp%2Fv2%2Fproduct_tag&post=203553"}],"curies":[{"name":"wp","href":"https:\/\/api.w.org\/{rel}","templated":true}]}}