{"id":203559,"date":"2025-03-27T13:43:04","date_gmt":"2025-03-27T11:43:04","guid":{"rendered":"https:\/\/staging.rb-academy.it\/corsi\/senza-categoria\/un-pioniere-tra-scienza-e-spiritualita\/"},"modified":"2025-03-27T13:43:05","modified_gmt":"2025-03-27T11:43:05","slug":"un-pioniere-tra-scienza-e-spiritualita","status":"publish","type":"product","link":"https:\/\/www.rb-academy.it\/?product=un-pioniere-tra-scienza-e-spiritualita","title":{"rendered":"Un pioniere tra Scienza e Spiritualit\u00e0"},"content":{"rendered":"<p>Siamo tutti viaggiatori impegnati in un percorso e il nostro \u00e8 un grande viaggio. Esso ci conduce verso un luogo in cui nessuno \u00e8 mai stato prima. Non esistono guide turistiche n\u00e9 siti internet che ci indichino esattamente quale aspetto avr\u00e0 la nostra destinazione o cosa ci servir\u00e0 di preciso quando la raggiungeremo. Quelli che abbiamo in mano non sono biglietti per una breve escursione in una localit\u00e0 esotica da cui possiamo tornare in capo a qualche giorno: sono piuttosto dei biglietti di sola andata. Si tratta di un tipo di viaggio completamente diverso. Non stiamo solo spostandoci verso un altro punto qualunque della Terra, stiamo invece procedendo verso un altro mondo, nascosto fra le pieghe della nostra vita quotidiana e sono le scelte che facciamo nel presente, a condurci l\u00e0.<\/p>\n<p><\/p>\n<p>Stiamo sfrecciando in massa nella corsia di sorpasso di una superautostrada che attraversa i confini della tradizione e le abitudini del passato. Nel fare ci\u00f2, ci accade anche di sorpassare energicamente i limiti di ci\u00f2 che ritenevamo possibile. Queste esperienze sono un vero e proprio passaporto, che ci conduce verso il nuovo mondo che si sta rivelando ai nostri occhi.<\/p>\n<p><\/p>\n<p>La nostra destinazione<br \/>Non sono certo dell&#8217;aspetto che potr\u00e0 avere la nostra destinazione. Quando la polvere si poser\u00e0 e avremo imparato ad adattarci ai mutamenti climatici, anzich\u00e9 cercare di controllarli, quando nuove economie sostenibili avranno sostituito quelle che oggi si rivelano frammentate e fallimentari, quando avremo acconsentito all&#8217;uso della tecnologia che \u00e8 in grado di fornirci fino all&#8217;ultima goccia di energia che ci serve, ma senza provocare gli effetti collaterali devastanti dei combustibili fossili, \u00e8 solo allora che potremo sapere che aspetto avranno l\u2019esistenza umana e il mondo; oggi posso solo lavorare di fantasia e, se lo faccio, mi prefiguro un luogo migliore per noi tutti.<\/p>\n<p><\/p>\n<p>Vedo un mondo nel quale \u00e8 stato migliorato il livello di vita di tutti, anzich\u00e9 peggiorarlo ai danni di una moltitudine per dare sostegno solo a una manciata di individui. Vedo un mondo in cui la guerra \u00e8 obsoleta e non ha pi\u00f9 senso servirsi della minaccia bellica per risolvere i problemi umani. Vedo un mondo in cui il nostro amore per la cooperazione supera la paura che alimenta la competizione violenta.<\/p>\n<p><\/p>\n<p>Inoltre, vedo il mutamento di pensiero che rende possibile ciascuna di queste cose. Tuttavia, per raggiungerlo, dobbiamo cominciare a riconoscere le realt\u00e0 che ci stanno di fronte e la promessa che queste racchiudono.<\/p>\n<p><\/p>\n<p>Durata totale: 5 ore<\/p>\n","protected":false},"excerpt":{"rendered":"<p>Siamo tutti viaggiatori impegnati in un percorso e il nostro \u00e8 un grande viaggio. Esso ci conduce verso un luogo in cui nessuno \u00e8 mai stato prima. Non esistono guide turistiche n\u00e9 siti internet che ci indichino esattamente quale aspetto avr\u00e0 la nostra destinazione o cosa ci servir\u00e0 di preciso quando la raggiungeremo. Quelli che [&hellip;]<\/p>\n","protected":false},"featured_media":203558,"template":"","meta":[],"product_cat":[1059],"product_tag":[],"class_list":{"0":"post-203559","1":"product","2":"type-product","3":"status-publish","4":"has-post-thumbnail","6":"product_cat-trasformazione-personale","8":"first","9":"instock","10":"taxable","11":"shipping-taxable","12":"purchasable","13":"product-type-simple"},"_links":{"self":[{"href":"https:\/\/www.rb-academy.it\/index.php?rest_route=\/wp\/v2\/product\/203559","targetHints":{"allow":["GET"]}}],"collection":[{"href":"https:\/\/www.rb-academy.it\/index.php?rest_route=\/wp\/v2\/product"}],"about":[{"href":"https:\/\/www.rb-academy.it\/index.php?rest_route=\/wp\/v2\/types\/product"}],"wp:featuredmedia":[{"embeddable":true,"href":"https:\/\/www.rb-academy.it\/index.php?rest_route=\/wp\/v2\/media\/203558"}],"wp:attachment":[{"href":"https:\/\/www.rb-academy.it\/index.php?rest_route=%2Fwp%2Fv2%2Fmedia&parent=203559"}],"wp:term":[{"taxonomy":"product_cat","embeddable":true,"href":"https:\/\/www.rb-academy.it\/index.php?rest_route=%2Fwp%2Fv2%2Fproduct_cat&post=203559"},{"taxonomy":"product_tag","embeddable":true,"href":"https:\/\/www.rb-academy.it\/index.php?rest_route=%2Fwp%2Fv2%2Fproduct_tag&post=203559"}],"curies":[{"name":"wp","href":"https:\/\/api.w.org\/{rel}","templated":true}]}}