{"id":203570,"date":"2025-03-27T13:43:10","date_gmt":"2025-03-27T11:43:10","guid":{"rendered":"https:\/\/staging.rb-academy.it\/corsi\/senza-categoria\/la-mente-e-piu-forte-dei-geni\/"},"modified":"2025-03-27T13:43:10","modified_gmt":"2025-03-27T11:43:10","slug":"la-mente-e-piu-forte-dei-geni","status":"publish","type":"product","link":"https:\/\/www.rb-academy.it\/?product=la-mente-e-piu-forte-dei-geni","title":{"rendered":"La Mente \u00e8 pi\u00f9 forte dei Geni"},"content":{"rendered":"<p>La Mente \u00e8 pi\u00f9 forte dei Geni!<\/p>\n<p><\/p>\n<p>Finora abbiamo creduto di essere vittime dei nostri geni: eravamo convinti che il nostro patrimonio genetico determinava la nostra vita.<br \/>Lipton in maniera chiara e semplice e, al tempo stesso, scientifica e autorevole ci spiega come le scoperte inoppugnabili dell\u2019ultimo secolo dimostrano invece che i geni stessi sono controllati dalle nostre percezioni dell\u2019ambiente che ci circonda! Questa scoperta restituisce all\u2019umanit\u00e0 un grande potere tra cui la capacit\u00e0 di guarire se stessi e ci libera dal destino beffardo di doverci ammalare delle malattie dei nostri avi. Nel video corso viene dimostrato come ognuno di noi ha quindi le potenzialit\u00e0 per creare una vita piena di salute, felicit\u00e0 e amore.<\/p>\n<p><\/p>\n<p>Non pi\u00f9 vittime ma creatori!<\/p>\n<p><\/p>\n<p>Durata totale: 5 ore<\/p>\n","protected":false},"excerpt":{"rendered":"<p>La Mente \u00e8 pi\u00f9 forte dei Geni! Finora abbiamo creduto di essere vittime dei nostri geni: eravamo convinti che il nostro patrimonio genetico determinava la nostra vita. Lipton in maniera chiara e semplice e, al tempo stesso, scientifica e autorevole ci spiega come le scoperte inoppugnabili dell\u2019ultimo secolo dimostrano invece che i geni stessi sono [&hellip;]<\/p>\n","protected":false},"featured_media":201091,"template":"","meta":[],"product_cat":[1059],"product_tag":[],"class_list":{"0":"post-203570","1":"product","2":"type-product","3":"status-publish","4":"has-post-thumbnail","6":"product_cat-trasformazione-personale","8":"first","9":"instock","10":"taxable","11":"shipping-taxable","12":"purchasable","13":"product-type-simple"},"_links":{"self":[{"href":"https:\/\/www.rb-academy.it\/index.php?rest_route=\/wp\/v2\/product\/203570","targetHints":{"allow":["GET"]}}],"collection":[{"href":"https:\/\/www.rb-academy.it\/index.php?rest_route=\/wp\/v2\/product"}],"about":[{"href":"https:\/\/www.rb-academy.it\/index.php?rest_route=\/wp\/v2\/types\/product"}],"wp:featuredmedia":[{"embeddable":true,"href":"https:\/\/www.rb-academy.it\/index.php?rest_route=\/wp\/v2\/media\/201091"}],"wp:attachment":[{"href":"https:\/\/www.rb-academy.it\/index.php?rest_route=%2Fwp%2Fv2%2Fmedia&parent=203570"}],"wp:term":[{"taxonomy":"product_cat","embeddable":true,"href":"https:\/\/www.rb-academy.it\/index.php?rest_route=%2Fwp%2Fv2%2Fproduct_cat&post=203570"},{"taxonomy":"product_tag","embeddable":true,"href":"https:\/\/www.rb-academy.it\/index.php?rest_route=%2Fwp%2Fv2%2Fproduct_tag&post=203570"}],"curies":[{"name":"wp","href":"https:\/\/api.w.org\/{rel}","templated":true}]}}