{"id":203573,"date":"2025-03-27T13:43:10","date_gmt":"2025-03-27T11:43:10","guid":{"rendered":"https:\/\/staging.rb-academy.it\/corsi\/senza-categoria\/la-mente-quantica\/"},"modified":"2025-03-27T13:43:10","modified_gmt":"2025-03-27T11:43:10","slug":"la-mente-quantica","status":"publish","type":"product","link":"https:\/\/www.rb-academy.it\/?product=la-mente-quantica","title":{"rendered":"La Mente Quantica"},"content":{"rendered":"<p>La Mente Quantica&#8230; cambia la tua realt\u00e0!<\/p>\n<p><\/p>\n<p>Ti piacerebbe\u00a0poter\u00a0attirare quello che desideri nella tua vita?<\/p>\n<p><\/p>\n<p>Vorresti\u00a0eliminare blocchi e resistenze interiori\u00a0che ostacolano la tua felicit\u00e0?<\/p>\n<p><\/p>\n<p>Ti piacerebbe riprogrammare la tua parte profonda verso la prosperit\u00e0 economica, il successo e la felicit\u00e0?<\/p>\n<p><\/p>\n<p>Vorresti apprendere sistemi operativi pratici per\u00a0co-creare la tua esistenza?<\/p>\n<p><\/p>\n<p>Il programma de\u00a0La mente quantica\u00a0\u00e8 stato studiato specificatamente per raggiungere questi importanti obiettivi.\u00a0<\/p>\n<p><\/p>\n<p>Il\u00a0Neuro Quantistic Engineering\u00ae\u00a0\u00e8 in grado, infatti, di\u00a0installare nuovi schemi mentali atti a eliminare le resistenze principali e a\u00a0riprogrammare la tua parte inconscia.<\/p>\n<p><\/p>\n<p>Le teorie della Meccanica Quantistica affermano che\u00a0l\u2019osservatore ha il potere di modificare il sistema osservato. Questa ipotesi \u00e8 stata elaborata durante l\u2019osservazione di alcuni esperimenti, in particolare, quello della\u00a0Doppia Fenditura (double slit): la nostra osservazione influenza il mondo subatomico, cio\u00e8 la natura profonda della nostra realt\u00e0.<\/p>\n<p><\/p>\n<p>Ma di quale osservazione parliamo? Di quella razionale o inconscia?<br \/>Parliamo, ovviamente, di quella\u00a0inconscia: credenze profonde\u00a0ed emozioni condizionano la nostra esistenza\u00a0al di l\u00e0 della nostra volont\u00e0 razionale.<\/p>\n<p><\/p>\n<p>Si tratta del\u00a0\u201cprogramma mentale\u201d\u00a0profondo che si crea nei primi anni della nostra vita.<\/p>\n<p><\/p>\n<p>Qui entrano in ballo le\u00a0tecniche di Neuro Quantistic Engineering\u00ae (NQE). Grazie ad esse \u00e8 possibile\u00a0riconvertire il programma mentale velocemente ottenendo sicuri risultati.<\/p>\n<p><\/p>\n<p>Il\u00a0NQE\u00a0\u00e8 il risultato di\u00a0anni di ricerca\u00a0da parte di\u00a0Vincenzo Fanellidove il risultato finale \u00e8 la\u00a0fusione\u00a0tra potenti\u00a0neuro-tecniche\u00a0per\u00a0riprogrammare l\u2019inconscio, teorie della\u00a0Meccanica Quantistica\u00a0e\u00a0antiche pratiche sciamaniche\u00a0per\u00a0co-creare la realt\u00e0 desiderata.<\/p>\n<p><\/p>\n<p>Grazie alla\u00a0sapiente fusione\u00a0tra teorie della\u00a0meccanica quantistica,\u00a0neuro-tecniche\u00a0e procedimenti\u00a0operativi pratici, derivanti dallo\u00a0sciamanesimo,\u00a0Vincenzo Fanelli insegna un modello unico\u00a0in grado di farti\u00a0riprendere il controllo della tua\u00a0esistenza\u00a0co-creando la realt\u00e0 desiderata.<\/p>\n<p><\/p>\n<p>Durata totale: 7 ore<\/p>\n","protected":false},"excerpt":{"rendered":"<p>La Mente Quantica&#8230; cambia la tua realt\u00e0! Ti piacerebbe\u00a0poter\u00a0attirare quello che desideri nella tua vita? Vorresti\u00a0eliminare blocchi e resistenze interiori\u00a0che ostacolano la tua felicit\u00e0? Ti piacerebbe riprogrammare la tua parte profonda verso la prosperit\u00e0 economica, il successo e la felicit\u00e0? Vorresti apprendere sistemi operativi pratici per\u00a0co-creare la tua esistenza? Il programma de\u00a0La mente quantica\u00a0\u00e8 stato [&hellip;]<\/p>\n","protected":false},"featured_media":202931,"template":"","meta":[],"product_cat":[1119],"product_tag":[],"class_list":{"0":"post-203573","1":"product","2":"type-product","3":"status-publish","4":"has-post-thumbnail","6":"product_cat-serenita-interiore","8":"first","9":"instock","10":"taxable","11":"shipping-taxable","12":"purchasable","13":"product-type-simple"},"_links":{"self":[{"href":"https:\/\/www.rb-academy.it\/index.php?rest_route=\/wp\/v2\/product\/203573","targetHints":{"allow":["GET"]}}],"collection":[{"href":"https:\/\/www.rb-academy.it\/index.php?rest_route=\/wp\/v2\/product"}],"about":[{"href":"https:\/\/www.rb-academy.it\/index.php?rest_route=\/wp\/v2\/types\/product"}],"wp:featuredmedia":[{"embeddable":true,"href":"https:\/\/www.rb-academy.it\/index.php?rest_route=\/wp\/v2\/media\/202931"}],"wp:attachment":[{"href":"https:\/\/www.rb-academy.it\/index.php?rest_route=%2Fwp%2Fv2%2Fmedia&parent=203573"}],"wp:term":[{"taxonomy":"product_cat","embeddable":true,"href":"https:\/\/www.rb-academy.it\/index.php?rest_route=%2Fwp%2Fv2%2Fproduct_cat&post=203573"},{"taxonomy":"product_tag","embeddable":true,"href":"https:\/\/www.rb-academy.it\/index.php?rest_route=%2Fwp%2Fv2%2Fproduct_tag&post=203573"}],"curies":[{"name":"wp","href":"https:\/\/api.w.org\/{rel}","templated":true}]}}