{"id":23890,"date":"2019-08-30T11:55:56","date_gmt":"2019-08-30T09:55:56","guid":{"rendered":"https:\/\/www.formazioneintermediari.com\/corsi\/intermediari-assicurativi\/navigazione-web-e-utilizzo-di-internet\/"},"modified":"2022-10-24T11:03:04","modified_gmt":"2022-10-24T09:03:04","slug":"navigazione-web-e-utilizzo-di-internet","status":"publish","type":"product","link":"https:\/\/www.rb-academy.it\/?product=navigazione-web-e-utilizzo-di-internet","title":{"rendered":"Navigazione web e utilizzo di internet"},"content":{"rendered":"<h3>Obiettivo<\/h3>\n<div>\n<p>Il corso navigazione web e utilizzo di internet \u00e8 un corso base che ha l\u2019obiettivo di fornire le nozioni base per imparare ad utilizzare internet. I discenti acquisiranno la praticit\u00e0 per effettuare le azioni basilari in internet.<\/p>\n<div>\n<h3>Destinatari<\/h3>\n<div>\n<p>Persone principianti di qualsiasi et\u00e0 che vogliono imparare ad utilizzare internet in modo semplice e sicuro.<\/p>\n<\/div>\n<div>\n<h3>Programma<\/h3>\n<p><a href=\"https:\/\/www.rb-academy.it\/wp-content\/uploads\/codnew26-indice.pdf\" target=\"_blank\" rel=\"noopener\">CLICCA QUI<\/a>\u00a0per scaricare il programma del corso Navigazione web e utilizzo di internet.<\/p>\n<h3>Svolgimento del corso<\/h3>\n<div>\n<p>Il corso in modalit\u00e0 di e-learning si svolge tramite l\u2019utilizzo di un qualsiasi pc dotato di connessione internet veloce (adsl \u2013 umts), smartphone o tablet \u00e8 quindi possibile accedere al servizio sia da casa che dall\u2019ufficio o da dove si preferisce ed in qualsiasi ora del giorno. Se per qualche motivo si \u00e8 costretti ad interrompere il corso, al nuovo accesso il sistema riprender\u00e0 il programma dal punto in cui si \u00e8 arrivati, evitando di dover ripetere tutto dal principio.<\/p>\n<p>All\u2019interno della piattaforma dedicata al corso Navigazione web e utilizzo di internet sar\u00e0 sempre disponibile il relativo materiale didattico scaricabile o consultabile direttamente dal computer, un compendio necessario ed importante nell\u2019approfondimento del percorso formativo.<\/p>\n<h3>Durata<\/h3>\n<p>Il corso ha una durata complessiva di 30\u2019<\/p>\n<\/div>\n<h3>Test di verifica<\/h3>\n<div>\n<p>Maturate le ore di corso sulla piattaforma di formazione, \u00e8 possibile accedere al test di verifica finale.<\/p>\n<p>Il test di verifica:<\/p>\n<ul>\n<li>\u00e8 effettuato per via telematica, in orario libero;<\/li>\n<li>ha lo scopo di appurare il reale apprendimento delle materie trattate durante il corso di formazione;<\/li>\n<li>\u00e8 articolato in un questionario a scelta multipla e risposta singola.<\/li>\n<\/ul>\n<h3>Attestato di Formazione<\/h3>\n<div>\n<p>Al superamento del test verr\u00e0 rilasciato l\u2019attestato di formazione professionale.<\/p>\n<h3>Validit\u00e0<\/h3>\n<p><span style=\"color: #ff0000;\">Il corso ha validit\u00e0 di 1 anno dalla data di attivazione, salvo aggiornamenti. <\/span><\/p>\n<p><span style=\"text-decoration: underline; color: #ff0000;\"><strong>Oltre tale data il corso sar\u00e0 bloccato.<\/strong><\/span><\/p>\n<h3>Servizi offerti<\/h3>\n<ul>\n<li>Accesso 24 ore su 24 alla piattaforma formativa.<\/li>\n<li>Nessun limite di tempo per terminare il corso.<\/li>\n<li>Tutti i contenuti del corso sempre a disposizione fino al superamento del test finale.<\/li>\n<li>Download di tutti i materiali cartacei del corso e delle normative del settore.<\/li>\n<li>Quiz di supporto all\u2019apprendimento e di verifica delle conoscenze acquisite.<\/li>\n<li>Materiale didattico aggiornato con le pi\u00f9 recenti normative.<\/li>\n<li>Assistenza interattiva del docente e dei tutor tramite mail, chat e telefono.<\/li>\n<\/ul>\n<p><strong>Durante l\u2019intero periodo di fruizione del corso, il discente ha sempre la possibilit\u00e0 di rivedere illimitatamente ed in qualsiasi orario tutte le registrazioni audio\/video delle lezioni, ripetere tutte le esercitazioni proposte, rivedere o scaricare per la stampa ogni materiale offerto. E in qualsiasi momento potr\u00e0 sempre contattare i docenti per eventuali delucidazioni ottenendo risposte sollecite.<\/strong><\/p>\n<h3>Requisiti tecnici<\/h3>\n<ul>\n<li><strong>Linea Internet<\/strong>: Adsl 20M, Hsdpa.<\/li>\n<li><strong>Banda internet<\/strong>: i video vengono erogati in streaming, quindi sono scaricati progressivamente e visionati in tempo reale; sono realizzati con bitrate di\u00a0 circa 1,5 mbps (Es: all\u2019interno di una rete con Linea Adsl di 10M, quindi circa 7,4 Mbps, possono visionare in contemporanea le videolezioni 5 utenti; 1,5 mbps * 5 postazioni=7,5mbps).<\/li>\n<li><strong>Browser<\/strong>: Internet Explorer ver 9 e succ., Chrome, Firefox ver. 7 e succ., Safari ver. 2 e succ., Opera 10 e succ.; (HTML5).<\/li>\n<li><strong>Sistemi Operativi Consigliati<\/strong>: Windows 2000, Windows XP, Windows 7, Mac OS X 10 e succ.<\/li>\n<li><strong><span style=\"vertical-align: inherit;\"><span style=\"vertical-align: inherit;\">iOS<\/span><\/span><\/strong><span style=\"vertical-align: inherit;\"><span style=\"vertical-align: inherit;\"> : Chrome, Safari.<\/span><\/span><\/li>\n<li><strong><span style=\"vertical-align: inherit;\"><span style=\"vertical-align: inherit;\">Android<\/span><\/span><\/strong><span style=\"vertical-align: inherit;\"><span style=\"vertical-align: inherit;\"> : app Chrome.\u00a0<\/span><\/span><\/li>\n<\/ul>\n<p>[insert page=&#8217;faq-corsi-rb-academy&#8217; display=&#8217;all&#8217;]<\/p>\n","protected":false},"excerpt":{"rendered":"<p>Navigazione web e utilizzo di internet<\/p>\n","protected":false},"featured_media":200382,"template":"","meta":[],"product_cat":[968],"product_tag":[733,736,804,741,744,758,746,747,748],"class_list":{"0":"post-23890","1":"product","2":"type-product","3":"status-publish","4":"has-post-thumbnail","6":"product_cat-informatica","7":"product_tag-aggiornamento-professionale-annuale-obbligatorio","8":"product_tag-attestato-di-aggiornamento-professionale-annuale-obbligatorio","9":"product_tag-corso-30-ore-ivass","10":"product_tag-intermediari-assicurativi","11":"product_tag-isvap","12":"product_tag-ivass","13":"product_tag-rui","14":"product_tag-rui-sezione-e","15":"product_tag-sezione-e","17":"first","18":"instock","19":"sale","20":"featured","21":"virtual","22":"taxable","23":"purchasable","24":"product-type-simple"},"_links":{"self":[{"href":"https:\/\/www.rb-academy.it\/index.php?rest_route=\/wp\/v2\/product\/23890","targetHints":{"allow":["GET"]}}],"collection":[{"href":"https:\/\/www.rb-academy.it\/index.php?rest_route=\/wp\/v2\/product"}],"about":[{"href":"https:\/\/www.rb-academy.it\/index.php?rest_route=\/wp\/v2\/types\/product"}],"wp:featuredmedia":[{"embeddable":true,"href":"https:\/\/www.rb-academy.it\/index.php?rest_route=\/wp\/v2\/media\/200382"}],"wp:attachment":[{"href":"https:\/\/www.rb-academy.it\/index.php?rest_route=%2Fwp%2Fv2%2Fmedia&parent=23890"}],"wp:term":[{"taxonomy":"product_cat","embeddable":true,"href":"https:\/\/www.rb-academy.it\/index.php?rest_route=%2Fwp%2Fv2%2Fproduct_cat&post=23890"},{"taxonomy":"product_tag","embeddable":true,"href":"https:\/\/www.rb-academy.it\/index.php?rest_route=%2Fwp%2Fv2%2Fproduct_tag&post=23890"}],"curies":[{"name":"wp","href":"https:\/\/api.w.org\/{rel}","templated":true}]}}